{"id":2454,"date":"2024-08-12T13:56:45","date_gmt":"2024-08-12T19:56:45","guid":{"rendered":"https:\/\/bienestar.campeche.gob.mx\/?page_id=2454"},"modified":"2024-09-30T19:09:24","modified_gmt":"2024-10-01T01:09:24","slug":"computadora-jaguar-2","status":"publish","type":"page","link":"https:\/\/bienestar.campeche.gob.mx\/?page_id=2454","title":{"rendered":"Computadora Jaguar"},"content":{"rendered":"<p>[et_pb_section fb_built=&#8221;1&#8243; _builder_version=&#8221;4.24.2&#8243; _module_preset=&#8221;default&#8221; background_image=&#8221;https:\/\/bienestar.campeche.gob.mx\/wp-content\/uploads\/jaguar-verde.png&#8221; min_height=&#8221;479.6px&#8221; custom_margin=&#8221;||-55px|||&#8221; global_colors_info=&#8221;{}&#8221;][et_pb_row _builder_version=&#8221;4.19.2&#8243; _module_preset=&#8221;default&#8221; global_colors_info=&#8221;{}&#8221;][et_pb_column type=&#8221;4_4&#8243; _builder_version=&#8221;4.19.2&#8243; _module_preset=&#8221;default&#8221; global_colors_info=&#8221;{}&#8221;][et_pb_image src=&#8221;https:\/\/bienestar.campeche.gob.mx\/wp-content\/uploads\/Sin-titulo-1.png&#8221; title_text=&#8221;Sin t\u00edtulo-1&#8243; align=&#8221;center&#8221; _builder_version=&#8221;4.19.2&#8243; _module_preset=&#8221;default&#8221; transform_translate=&#8221;6px|78px&#8221; global_colors_info=&#8221;{}&#8221;][\/et_pb_image][\/et_pb_column][\/et_pb_row][\/et_pb_section][et_pb_section fb_built=&#8221;1&#8243; specialty=&#8221;on&#8221; _builder_version=&#8221;4.19.2&#8243; _module_preset=&#8221;default&#8221; global_colors_info=&#8221;{}&#8221;][et_pb_column type=&#8221;1_3&#8243; _builder_version=&#8221;4.16&#8243; custom_padding=&#8221;|||&#8221; global_colors_info=&#8221;{}&#8221; custom_padding__hover=&#8221;|||&#8221;][et_pb_image src=&#8221;https:\/\/bienestar.campeche.gob.mx\/wp-content\/uploads\/JAGUARCOMPLETO.png&#8221; title_text=&#8221;JAGUARCOMPLETO&#8221; _builder_version=&#8221;4.19.2&#8243; _module_preset=&#8221;default&#8221; transform_scale=&#8221;138%|138%&#8221; transform_translate=&#8221;-2px|39px&#8221; global_colors_info=&#8221;{}&#8221;][\/et_pb_image][\/et_pb_column][et_pb_column type=&#8221;2_3&#8243; specialty_columns=&#8221;2&#8243; _builder_version=&#8221;4.16&#8243; custom_padding=&#8221;|||&#8221; global_colors_info=&#8221;{}&#8221; custom_padding__hover=&#8221;|||&#8221;][et_pb_row_inner _builder_version=&#8221;4.19.2&#8243; _module_preset=&#8221;default&#8221; global_colors_info=&#8221;{}&#8221;][et_pb_column_inner saved_specialty_column_type=&#8221;2_3&#8243; _builder_version=&#8221;4.19.2&#8243; _module_preset=&#8221;default&#8221; global_colors_info=&#8221;{}&#8221;][et_pb_image src=&#8221;https:\/\/bienestar.campeche.gob.mx\/wp-content\/uploads\/Computadora-Jaguar-logo.png&#8221; title_text=&#8221;Computadora-Jaguar-logo&#8221; align=&#8221;center&#8221; _builder_version=&#8221;4.24.2&#8243; _module_preset=&#8221;default&#8221; global_colors_info=&#8221;{}&#8221;][\/et_pb_image][\/et_pb_column_inner][\/et_pb_row_inner][et_pb_row_inner _builder_version=&#8221;4.19.2&#8243; _module_preset=&#8221;default&#8221; custom_padding=&#8221;0px|||||&#8221; global_colors_info=&#8221;{}&#8221;][et_pb_column_inner saved_specialty_column_type=&#8221;2_3&#8243; _builder_version=&#8221;4.19.2&#8243; _module_preset=&#8221;default&#8221; global_colors_info=&#8221;{}&#8221;][et_pb_text _builder_version=&#8221;4.24.2&#8243; _module_preset=&#8221;default&#8221; global_colors_info=&#8221;{}&#8221;]<\/p>\n<p>La LICDA. ELISA MAR\u00cdA HERN\u00c1NDEZ ROMERO, Secretaria de<strong>\u00a0Bienestar<\/strong>\u00a0de la Administraci\u00f3n P\u00fablica del Estado de Campeche, impulsa a trav\u00e9s de la siguiente:<\/p>\n<p style=\"text-align: center;\"><span style=\"font-size: large;\"><strong>CONVOCATORIA<\/strong><\/span><\/p>\n<p>A las Instituciones Educativas P\u00fablicas de Educaci\u00f3n Media Superior y Superior en el Estado de Campeche, a participar en el programa Formaci\u00f3n Jaguar en su Proyecto Computadora Jaguar Modalidad Convocatoria, para que las alumnas y alumnos matriculados realicen su postulaci\u00f3n para ser beneficiarias(os), con base a las condiciones sociales y econ\u00f3micas, de acuerdo a la asignaci\u00f3n de equipos de c\u00f3mputo, a cada Instituci\u00f3n Educativa, considerando que la alumna o alumno se encuentre en situaci\u00f3n de vulnerabilidad y que deseen continuar con sus estudios, para evitar la deserci\u00f3n escolar<\/p>\n<p>[\/et_pb_text][\/et_pb_column_inner][\/et_pb_row_inner][\/et_pb_column][\/et_pb_section][et_pb_section fb_built=&#8221;1&#8243; _builder_version=&#8221;4.24.2&#8243; _module_preset=&#8221;default&#8221; background_image=&#8221;https:\/\/bienestar.campeche.gob.mx\/wp-content\/uploads\/palomitas.png&#8221; global_colors_info=&#8221;{}&#8221;][et_pb_row column_structure=&#8221;1_2,1_2&#8243; _builder_version=&#8221;4.19.2&#8243; _module_preset=&#8221;default&#8221; global_colors_info=&#8221;{}&#8221;][et_pb_column type=&#8221;1_2&#8243; _builder_version=&#8221;4.19.2&#8243; _module_preset=&#8221;default&#8221; global_colors_info=&#8221;{}&#8221;][et_pb_image src=&#8221;https:\/\/bienestar.campeche.gob.mx\/wp-content\/uploads\/CONVOCATORIA_COMPUTADORA_JAGUAR_2024_V01_Pagina_1-scaled.jpg&#8221; title_text=&#8221;CONVOCATORIA_COMPUTADORA_JAGUAR_2024_V01_P\u00e1gina_1&#8243; _builder_version=&#8221;4.24.2&#8243; _module_preset=&#8221;default&#8221; global_colors_info=&#8221;{}&#8221;][\/et_pb_image][\/et_pb_column][et_pb_column type=&#8221;1_2&#8243; _builder_version=&#8221;4.19.2&#8243; _module_preset=&#8221;default&#8221; global_colors_info=&#8221;{}&#8221;][et_pb_image src=&#8221;https:\/\/bienestar.campeche.gob.mx\/wp-content\/uploads\/CONVOCATORIA_COMPUTADORA_JAGUAR_2024_V01_Pagina_2-scaled.jpg&#8221; title_text=&#8221;CONVOCATORIA_COMPUTADORA_JAGUAR_2024_V01_P\u00e1gina_2&#8243; _builder_version=&#8221;4.24.2&#8243; _module_preset=&#8221;default&#8221; global_colors_info=&#8221;{}&#8221;][\/et_pb_image][\/et_pb_column][\/et_pb_row][et_pb_row column_structure=&#8221;1_2,1_2&#8243; _builder_version=&#8221;4.19.2&#8243; _module_preset=&#8221;default&#8221; global_colors_info=&#8221;{}&#8221;][et_pb_column type=&#8221;1_2&#8243; _builder_version=&#8221;4.19.2&#8243; _module_preset=&#8221;default&#8221; global_colors_info=&#8221;{}&#8221;][et_pb_image src=&#8221;https:\/\/bienestar.campeche.gob.mx\/wp-content\/uploads\/Imagen2.png&#8221; title_text=&#8221;Imagen2&#8243; align=&#8221;center&#8221; _builder_version=&#8221;4.24.2&#8243; _module_preset=&#8221;default&#8221; width=&#8221;73%&#8221; max_width=&#8221;55%&#8221; module_alignment=&#8221;center&#8221; custom_margin=&#8221;110px||||false|false&#8221; global_colors_info=&#8221;{}&#8221;][\/et_pb_image][\/et_pb_column][et_pb_column type=&#8221;1_2&#8243; _builder_version=&#8221;4.19.2&#8243; _module_preset=&#8221;default&#8221; global_colors_info=&#8221;{}&#8221;][et_pb_text _builder_version=&#8221;4.24.2&#8243; _module_preset=&#8221;default&#8221; transform_translate=&#8221;0px|27px&#8221; global_colors_info=&#8221;{}&#8221;]<\/p>\n<p>Para leer la convocatoria y guardala en tu dispositivo da clic en el bot\u00f3n verde<\/p>\n<p>[\/et_pb_text][et_pb_button button_url=&#8221;\/wp-content\/uploads\/CONVOCATORIA_COMPUTADORA_JAGUAR_2024_V01.pdf&#8221; url_new_window=&#8221;on&#8221; button_text=&#8221;Convocatoria&#8221; button_alignment=&#8221;center&#8221; _builder_version=&#8221;4.24.2&#8243; _module_preset=&#8221;default&#8221; custom_button=&#8221;on&#8221; button_text_color=&#8221;#FFFFFF&#8221; button_bg_image=&#8221;https:\/\/bienestar.campeche.gob.mx\/wp-content\/uploads\/jaguar-verde.png&#8221; button_border_width=&#8221;0px&#8221; button_border_radius=&#8221;5px&#8221; button_letter_spacing=&#8221;7px&#8221; transform_translate=&#8221;6px|11px&#8221; animation_style=&#8221;fade&#8221; button_text_shadow_style=&#8221;preset1&#8243; box_shadow_style=&#8221;preset7&#8243; global_colors_info=&#8221;{}&#8221;][\/et_pb_button][et_pb_text _builder_version=&#8221;4.24.2&#8243; _module_preset=&#8221;default&#8221; global_colors_info=&#8221;{}&#8221;]<\/p>\n<p style=\"text-align: center;\">Aqu\u00ed encontraras los documentos solicitados en la convocatoria<\/p>\n<p>[\/et_pb_text][et_pb_accordion _builder_version=&#8221;4.24.2&#8243; _module_preset=&#8221;default&#8221; hover_enabled=&#8221;0&#8243; global_colors_info=&#8221;{}&#8221; sticky_enabled=&#8221;0&#8243;][et_pb_accordion_item title=&#8221;Bienestar\/FJ\/CJ01&#8243; _builder_version=&#8221;4.24.2&#8243; _module_preset=&#8221;default&#8221; global_colors_info=&#8221;{}&#8221; open=&#8221;on&#8221;]<\/p>\n<p style=\"text-align: justify;\">Todos los campos de informaci\u00f3n que se solicitan en el formato de solicitud BIENESTAR\/FJ\/CJ-01, son obligatorios y deber\u00e1n ser proporcionados con veracidad, claridad y legibilidad para poder acceder al Programa Formaci\u00f3n Jaguar del Proyecto \u201cCOMPUTADORA JAGUAR \u201d<\/p>\n<h3 style=\"text-align: center;\"><span style=\"color: #800000;\"><a href=\"\/wp-content\/uploads\/BIENESTARFJCJ-01.pdf\" style=\"color: #800000;\">Descargar<\/a><\/span><\/h3>\n<p>[\/et_pb_accordion_item][et_pb_accordion_item title=&#8221;BIENESTAR\/FJ\/CJ-03&#8243; _builder_version=&#8221;4.24.2&#8243; _module_preset=&#8221;default&#8221; global_colors_info=&#8221;{}&#8221; open=&#8221;off&#8221;]<\/p>\n<p>CARTA DE AUTORIZACI\u00d3N DE USO DE DATOS PERSONALES DE MENORES DE EDAD, 2024<\/p>\n<h3 style=\"text-align: center;\"><span style=\"color: #800000;\"><a href=\"\/wp-content\/uploads\/BIENESTARFJCJ-03.pdf\" style=\"color: #800000;\">Descargar<\/a><\/span><\/h3>\n<p>[\/et_pb_accordion_item][et_pb_accordion_item title=&#8221;BIENESTAR\/FJ\/CJ-04&#8243; _builder_version=&#8221;4.24.2&#8243; _module_preset=&#8221;default&#8221; global_colors_info=&#8221;{}&#8221; open=&#8221;off&#8221;]<\/p>\n<p>CARTA COMPROMISO DE CORRESPONSABILIDAD SOCIAL 2024<\/p>\n<h3 style=\"text-align: center;\"><span style=\"color: #800000;\"><a href=\"\/wp-content\/uploads\/BIENESTAR-FJ-CJ-04.pdf\" style=\"color: #800000;\">Descargar<\/a><\/span><\/h3>\n<p>[\/et_pb_accordion_item][et_pb_accordion_item title=&#8221;BIENESTAR\/FJ\/CJ-06&#8243; _builder_version=&#8221;4.24.2&#8243; _module_preset=&#8221;default&#8221; global_colors_info=&#8221;{}&#8221; open=&#8221;off&#8221;]<\/p>\n<p>FORMATO DE IDENTIFICACI\u00d3N PARA MENORES DE EDAD CREDENCIAL DE LA INSTITUCI\u00d3N EDUCATIVA<\/p>\n<h3 style=\"text-align: center;\"><span style=\"color: #800000;\"><a href=\"\/wp-content\/uploads\/BIENESTAR-FJ-CJ-06.pdf\" style=\"color: #800000;\">Descargar<\/a><\/span><\/h3>\n<p>[\/et_pb_accordion_item][et_pb_accordion_item title=&#8221;Resultados de la Convocatoria&#8221; open=&#8221;off&#8221; _builder_version=&#8221;4.24.2&#8243; _module_preset=&#8221;default&#8221; hover_enabled=&#8221;0&#8243; global_colors_info=&#8221;{}&#8221; sticky_enabled=&#8221;0&#8243;]<\/p>\n<h3 style=\"text-align: center;\"><span style=\"color: #993366;\"><a href=\"wp-content\/uploads\/LISTADO-DE-BENEFICIARIOS-COMPUTADORA-JAGUAR-2024.pdf\" style=\"color: #993366;\" target=\"_blank\" rel=\"noopener\"><strong>Descarga del PDF<\/strong><\/a><\/span><\/h3>\n<p>[\/et_pb_accordion_item][\/et_pb_accordion][\/et_pb_column][\/et_pb_row][\/et_pb_section]<\/p>\n","protected":false},"excerpt":{"rendered":"<p>La LICDA. ELISA MAR\u00cdA HERN\u00c1NDEZ ROMERO, Secretaria de\u00a0Bienestar\u00a0de la Administraci\u00f3n P\u00fablica del Estado de Campeche, impulsa a trav\u00e9s de la siguiente: CONVOCATORIA A las Instituciones Educativas P\u00fablicas de Educaci\u00f3n Media Superior y Superior en el Estado de Campeche, a participar en el programa Formaci\u00f3n Jaguar en su Proyecto Computadora Jaguar Modalidad Convocatoria, para que las [&hellip;]<\/p>\n","protected":false},"author":1,"featured_media":0,"parent":0,"menu_order":0,"comment_status":"closed","ping_status":"closed","template":"","meta":{"_acf_changed":false,"_et_pb_use_builder":"on","_et_pb_old_content":"","_et_gb_content_width":"","inline_featured_image":false,"footnotes":""},"acf":[],"_links":{"self":[{"href":"https:\/\/bienestar.campeche.gob.mx\/index.php?rest_route=\/wp\/v2\/pages\/2454"}],"collection":[{"href":"https:\/\/bienestar.campeche.gob.mx\/index.php?rest_route=\/wp\/v2\/pages"}],"about":[{"href":"https:\/\/bienestar.campeche.gob.mx\/index.php?rest_route=\/wp\/v2\/types\/page"}],"author":[{"embeddable":true,"href":"https:\/\/bienestar.campeche.gob.mx\/index.php?rest_route=\/wp\/v2\/users\/1"}],"replies":[{"embeddable":true,"href":"https:\/\/bienestar.campeche.gob.mx\/index.php?rest_route=%2Fwp%2Fv2%2Fcomments&post=2454"}],"version-history":[{"count":9,"href":"https:\/\/bienestar.campeche.gob.mx\/index.php?rest_route=\/wp\/v2\/pages\/2454\/revisions"}],"predecessor-version":[{"id":2578,"href":"https:\/\/bienestar.campeche.gob.mx\/index.php?rest_route=\/wp\/v2\/pages\/2454\/revisions\/2578"}],"wp:attachment":[{"href":"https:\/\/bienestar.campeche.gob.mx\/index.php?rest_route=%2Fwp%2Fv2%2Fmedia&parent=2454"}],"curies":[{"name":"wp","href":"https:\/\/api.w.org\/{rel}","templated":true}]}}