{"id":2430,"date":"2024-07-26T11:36:25","date_gmt":"2024-07-26T17:36:25","guid":{"rendered":"https:\/\/bienestar.campeche.gob.mx\/?page_id=2430"},"modified":"2025-02-04T13:43:52","modified_gmt":"2025-02-04T19:43:52","slug":"comunidades-en-transformacion","status":"publish","type":"page","link":"https:\/\/bienestar.campeche.gob.mx\/?page_id=2430","title":{"rendered":"Comunidades en Transformacion"},"content":{"rendered":"<p>[et_pb_section fb_built=&#8221;1&#8243; _builder_version=&#8221;4.24.2&#8243; _module_preset=&#8221;default&#8221; background_image=&#8221;https:\/\/bienestar.campeche.gob.mx\/wp-content\/uploads\/fondonuevo-1.png&#8221; background_size=&#8221;cover&#8221; background_position=&#8221;top_left&#8221; global_colors_info=&#8221;{}&#8221;][et_pb_row column_structure=&#8221;1_3,2_3&#8243; _builder_version=&#8221;4.24.2&#8243; _module_preset=&#8221;default&#8221; global_colors_info=&#8221;{}&#8221;][et_pb_column type=&#8221;1_3&#8243; _builder_version=&#8221;4.24.2&#8243; _module_preset=&#8221;default&#8221; global_colors_info=&#8221;{}&#8221;][et_pb_image src=&#8221;https:\/\/bienestar.campeche.gob.mx\/wp-content\/uploads\/LOGOS_BIENESTAR_2024-01.png&#8221; title_text=&#8221;LOGOS_BIENESTAR_2024-01&#8243; _builder_version=&#8221;4.24.2&#8243; _module_preset=&#8221;default&#8221; width=&#8221;69%&#8221; module_alignment=&#8221;center&#8221; global_colors_info=&#8221;{}&#8221;][\/et_pb_image][\/et_pb_column][et_pb_column type=&#8221;2_3&#8243; _builder_version=&#8221;4.24.2&#8243; _module_preset=&#8221;default&#8221; global_colors_info=&#8221;{}&#8221;][et_pb_text _builder_version=&#8221;4.24.2&#8243; _module_preset=&#8221;default&#8221; transform_translate=&#8221;0px|87px&#8221; transform_translate_linked=&#8221;off&#8221; module_alignment=&#8221;left&#8221; global_colors_info=&#8221;{}&#8221;]<\/p>\n<p style=\"text-align: justify;\">Juntos podemos generar un impacto positivo y equitativo en nuestras comunidades. En la Secretar\u00eda de Bienestar del Estado de Campeche, nos comprometemos a impulsar el desarrollo social y la participaci\u00f3n comunitaria para crear un cambio sostenible en aquellas zonas que m\u00e1s lo necesitan.<\/p>\n<p>[\/et_pb_text][\/et_pb_column][\/et_pb_row][et_pb_row column_structure=&#8221;1_4,3_4&#8243; _builder_version=&#8221;4.24.2&#8243; _module_preset=&#8221;default&#8221; custom_padding=&#8221;||0px|||&#8221; global_colors_info=&#8221;{}&#8221;][et_pb_column type=&#8221;1_4&#8243; _builder_version=&#8221;4.24.2&#8243; _module_preset=&#8221;default&#8221; global_colors_info=&#8221;{}&#8221;][et_pb_text _builder_version=&#8221;4.24.2&#8243; _module_preset=&#8221;default&#8221; transform_translate=&#8221;131px|44px&#8221; transform_translate_linked=&#8221;off&#8221; global_colors_info=&#8221;{}&#8221;]<\/p>\n<p style=\"text-align: justify;\"><span style=\"color: #000000;\">El Proyecto \u201cComunidades en Transformaci\u00f3n\u201d tiene una cobertura estatal, priorizando a los municipios, localidades rurales y\/o colonias con pobreza, marginaci\u00f3n y rezago social<\/span><\/p>\n<p>[\/et_pb_text][\/et_pb_column][et_pb_column type=&#8221;3_4&#8243; _builder_version=&#8221;4.24.2&#8243; _module_preset=&#8221;default&#8221; global_colors_info=&#8221;{}&#8221;][et_pb_image src=&#8221;https:\/\/bienestar.campeche.gob.mx\/wp-content\/uploads\/Imagen2.png&#8221; title_text=&#8221;Imagen2&#8243; _builder_version=&#8221;4.27.2&#8243; _module_preset=&#8221;default&#8221; transform_scale=&#8221;72%|72%&#8221; transform_translate=&#8221;120px|-200px&#8221; hover_enabled=&#8221;0&#8243; global_colors_info=&#8221;{}&#8221; sticky_enabled=&#8221;0&#8243;][\/et_pb_image][\/et_pb_column][\/et_pb_row][et_pb_row _builder_version=&#8221;4.24.2&#8243; _module_preset=&#8221;default&#8221; global_colors_info=&#8221;{}&#8221;][et_pb_column type=&#8221;4_4&#8243; _builder_version=&#8221;4.24.2&#8243; _module_preset=&#8221;default&#8221; global_colors_info=&#8221;{}&#8221;][et_pb_text _builder_version=&#8221;4.24.2&#8243; _module_preset=&#8221;default&#8221; custom_margin=&#8221;-132px|||||&#8221; global_colors_info=&#8221;{}&#8221;]<\/p>\n<h4><strong>Caracter\u00edsticas.<\/strong><\/h4>\n<p>Se realizar\u00e1n asignaciones econ\u00f3micas directas a trav\u00e9s de alg\u00fan instrumento financiero bancario (orden de pago, transferencia, cheque nominativo o tarjeta bancaria de d\u00e9bito) o en especie o bien o servicio y se generar\u00e1 por la Secretar\u00eda de Bienestar a nombre del beneficiario o del representante del Comit\u00e9 Ciudadano, quien podr\u00e1 ser \u00e9l o la tesorera del mismo.<\/p>\n<p>[\/et_pb_text][\/et_pb_column][\/et_pb_row][et_pb_row _builder_version=&#8221;4.24.2&#8243; _module_preset=&#8221;default&#8221; background_color=&#8221;RGBA(255,255,255,0)&#8221; background_image=&#8221;https:\/\/bienestar.campeche.gob.mx\/wp-content\/uploads\/JAGUARCOMPLETOgris2.png&#8221; background_size=&#8221;custom&#8221; background_position=&#8221;center_right&#8221; global_colors_info=&#8221;{}&#8221;][et_pb_column type=&#8221;4_4&#8243; _builder_version=&#8221;4.24.2&#8243; _module_preset=&#8221;default&#8221; global_colors_info=&#8221;{}&#8221;][et_pb_text _builder_version=&#8221;4.24.2&#8243; _module_preset=&#8221;default&#8221; global_colors_info=&#8221;{}&#8221;]<\/p>\n<p style=\"text-align: justify;\"><span style=\"color: #000000;\"><strong>Requisitos Generales.<\/strong><\/span><\/p>\n<ol style=\"text-align: justify;\">\n<li><span style=\"color: #000000;\">Mujeres y Hombres del Estado de Campeche que habiten en la comunidad, colonia o localidad donde se constituye el Comit\u00e9 Ciudadano;<\/span><\/li>\n<li><span style=\"color: #000000;\">Personas interesadas en contribuir en proyectos y\/o acciones a favor de su comunidad.<\/span><\/li>\n<li><span style=\"color: #000000;\">Que no ocupen cargo de representaci\u00f3n popular ni sean funcionarios p\u00fablicos de los tres \u00f3rdenes de gobierno;<\/span><\/li>\n<li><span style=\"color: #000000;\">Electos democr\u00e1ticamente por mayor\u00eda de las y los habitantes de la comunidad, barrio o colonia;<\/span><\/li>\n<li><span style=\"color: #000000;\">Que sean personas honestas y responsables, reconocidas leg\u00edtimamente por su comunidad.<\/span><\/li>\n<\/ol>\n<p style=\"text-align: justify;\"><span style=\"color: #000000;\"><strong>Documentaci\u00f3n<\/strong><\/span><\/p>\n<p style=\"text-align: justify;\"><span style=\"color: #000000;\">Original (para cotejo) y copia legible de cualquiera de los siguientes documentos vigentes:<\/span><br \/><span style=\"color: #000000;\">Identificaci\u00f3n Oficial con Fotograf\u00eda (INE, CARTILLA MILITAR LIBERADA o LICENCIA DE MANEJO)<\/span><\/p>\n<p>[\/et_pb_text][\/et_pb_column][\/et_pb_row][et_pb_row column_structure=&#8221;1_2,1_2&#8243; _builder_version=&#8221;4.24.2&#8243; _module_preset=&#8221;default&#8221; global_colors_info=&#8221;{}&#8221;][et_pb_column type=&#8221;1_2&#8243; _builder_version=&#8221;4.24.2&#8243; _module_preset=&#8221;default&#8221; global_colors_info=&#8221;{}&#8221;][et_pb_image src=&#8221;https:\/\/bienestar.campeche.gob.mx\/wp-content\/uploads\/1-1-4.jpg&#8221; title_text=&#8221;1 (1)&#8221; _builder_version=&#8221;4.24.2&#8243; _module_preset=&#8221;default&#8221; global_colors_info=&#8221;{}&#8221;][\/et_pb_image][\/et_pb_column][et_pb_column type=&#8221;1_2&#8243; _builder_version=&#8221;4.24.2&#8243; _module_preset=&#8221;default&#8221; global_colors_info=&#8221;{}&#8221;][et_pb_image src=&#8221;https:\/\/bienestar.campeche.gob.mx\/wp-content\/uploads\/1-4-3.jpg&#8221; title_text=&#8221;1 (4)&#8221; _builder_version=&#8221;4.24.2&#8243; _module_preset=&#8221;default&#8221; global_colors_info=&#8221;{}&#8221;][\/et_pb_image][\/et_pb_column][\/et_pb_row][\/et_pb_section]<\/p>\n","protected":false},"excerpt":{"rendered":"<p>Juntos podemos generar un impacto positivo y equitativo en nuestras comunidades. En la Secretar\u00eda de Bienestar del Estado de Campeche, nos comprometemos a impulsar el desarrollo social y la participaci\u00f3n comunitaria para crear un cambio sostenible en aquellas zonas que m\u00e1s lo necesitan.El Proyecto \u201cComunidades en Transformaci\u00f3n\u201d tiene una cobertura estatal, priorizando a los municipios, [&hellip;]<\/p>\n","protected":false},"author":1,"featured_media":0,"parent":0,"menu_order":0,"comment_status":"closed","ping_status":"closed","template":"","meta":{"_acf_changed":false,"_et_pb_use_builder":"on","_et_pb_old_content":"","_et_gb_content_width":"","inline_featured_image":false,"footnotes":""},"acf":[],"_links":{"self":[{"href":"https:\/\/bienestar.campeche.gob.mx\/index.php?rest_route=\/wp\/v2\/pages\/2430"}],"collection":[{"href":"https:\/\/bienestar.campeche.gob.mx\/index.php?rest_route=\/wp\/v2\/pages"}],"about":[{"href":"https:\/\/bienestar.campeche.gob.mx\/index.php?rest_route=\/wp\/v2\/types\/page"}],"author":[{"embeddable":true,"href":"https:\/\/bienestar.campeche.gob.mx\/index.php?rest_route=\/wp\/v2\/users\/1"}],"replies":[{"embeddable":true,"href":"https:\/\/bienestar.campeche.gob.mx\/index.php?rest_route=%2Fwp%2Fv2%2Fcomments&post=2430"}],"version-history":[{"count":5,"href":"https:\/\/bienestar.campeche.gob.mx\/index.php?rest_route=\/wp\/v2\/pages\/2430\/revisions"}],"predecessor-version":[{"id":2631,"href":"https:\/\/bienestar.campeche.gob.mx\/index.php?rest_route=\/wp\/v2\/pages\/2430\/revisions\/2631"}],"wp:attachment":[{"href":"https:\/\/bienestar.campeche.gob.mx\/index.php?rest_route=%2Fwp%2Fv2%2Fmedia&parent=2430"}],"curies":[{"name":"wp","href":"https:\/\/api.w.org\/{rel}","templated":true}]}}