{"id":2268,"date":"2024-07-02T13:00:22","date_gmt":"2024-07-02T19:00:22","guid":{"rendered":"https:\/\/bienestar.campeche.gob.mx\/?page_id=2268"},"modified":"2024-09-03T10:32:51","modified_gmt":"2024-09-03T16:32:51","slug":"grupos-prioritarios","status":"publish","type":"page","link":"https:\/\/bienestar.campeche.gob.mx\/?page_id=2268","title":{"rendered":"Grupos Prioritarios"},"content":{"rendered":"<p>[et_pb_section fb_built=&#8221;1&#8243; _builder_version=&#8221;4.24.2&#8243; _module_preset=&#8221;default&#8221; background_image=&#8221;https:\/\/bienestar.campeche.gob.mx\/wp-content\/uploads\/JAGUARCOMPLETOgris2.png&#8221; background_position=&#8221;bottom_left&#8221; global_colors_info=&#8221;{}&#8221;][et_pb_row _builder_version=&#8221;4.24.2&#8243; _module_preset=&#8221;default&#8221; global_colors_info=&#8221;{}&#8221;][et_pb_column type=&#8221;4_4&#8243; _builder_version=&#8221;4.24.2&#8243; _module_preset=&#8221;default&#8221; global_colors_info=&#8221;{}&#8221;][et_pb_image src=&#8221;https:\/\/bienestar.campeche.gob.mx\/wp-content\/uploads\/LOGOS_BIENESTAR_2024-11.png&#8221; title_text=&#8221;LOGOS_BIENESTAR_2024-11&#8243; _builder_version=&#8221;4.24.2&#8243; _module_preset=&#8221;default&#8221; width=&#8221;22%&#8221; module_alignment=&#8221;center&#8221; global_colors_info=&#8221;{}&#8221;][\/et_pb_image][et_pb_text _builder_version=&#8221;4.24.2&#8243; _module_preset=&#8221;default&#8221; global_colors_info=&#8221;{}&#8221;]<\/p>\n<p style=\"text-align: center;\">El Proyecto est\u00e1 dirigido a las personas, familias o grupos organizados con alg\u00fan grado de rezago social o marginaci\u00f3n ubicadas en zonas urbanas y\/o rurales.<\/p>\n<p>[\/et_pb_text][\/et_pb_column][\/et_pb_row][et_pb_row column_structure=&#8221;3_5,2_5&#8243; _builder_version=&#8221;4.24.2&#8243; _module_preset=&#8221;default&#8221; global_colors_info=&#8221;{}&#8221;][et_pb_column type=&#8221;3_5&#8243; _builder_version=&#8221;4.24.2&#8243; _module_preset=&#8221;default&#8221; global_colors_info=&#8221;{}&#8221;][et_pb_text _builder_version=&#8221;4.24.2&#8243; _module_preset=&#8221;default&#8221; custom_margin=&#8221;70px||||false|false&#8221; global_colors_info=&#8221;{}&#8221;]<\/p>\n<h3 style=\"text-align: center;\"><strong>Caracter\u00edsticas de los Apoyos<\/strong><\/h3>\n<p style=\"text-align: justify;\"><strong>Entregas de apoyos en especie<\/strong> en una sola emisi\u00f3n, a las <strong>personas, familias o grupos organizados<\/strong> que presentan alguna <strong>condici\u00f3n de vulnerabilidad<\/strong> o bien que a trav\u00e9s de su <strong>actividad cultural, social, ambiental y deportiva<\/strong> promuevan beneficios para sus comunidades, a fin de contribuir al <strong>fortalecimiento del tejido social, a la recuperaci\u00f3n de los valores y al bienestar social.<\/strong><\/p>\n<p>[\/et_pb_text][\/et_pb_column][et_pb_column type=&#8221;2_5&#8243; _builder_version=&#8221;4.24.2&#8243; _module_preset=&#8221;default&#8221; global_colors_info=&#8221;{}&#8221;][et_pb_image src=&#8221;https:\/\/bienestar.campeche.gob.mx\/wp-content\/uploads\/Raul-Rogelio-Sanchez-Ake-San-Dimas-Candelaria.jpeg&#8221; title_text=&#8221;Raul Rogelio S\u00e1nchez Ake; San Dimas, Candelaria.&#8221; _builder_version=&#8221;4.24.2&#8243; _module_preset=&#8221;default&#8221; global_colors_info=&#8221;{}&#8221;][\/et_pb_image][\/et_pb_column][\/et_pb_row][et_pb_row column_structure=&#8221;1_4,3_4&#8243; _builder_version=&#8221;4.24.2&#8243; _module_preset=&#8221;default&#8221; global_colors_info=&#8221;{}&#8221;][et_pb_column type=&#8221;1_4&#8243; _builder_version=&#8221;4.24.2&#8243; _module_preset=&#8221;default&#8221; global_colors_info=&#8221;{}&#8221;][et_pb_heading title=&#8221;Requisitos&#8221; _builder_version=&#8221;4.24.2&#8243; _module_preset=&#8221;default&#8221; title_text_align=&#8221;center&#8221; background_color=&#8221;RGBA(255,255,255,0)&#8221; background_image=&#8221;https:\/\/bienestar.campeche.gob.mx\/wp-content\/uploads\/palomitas.png&#8221; custom_margin=&#8221;60px||||false|false&#8221; text_shadow_style=&#8221;preset4&#8243; global_colors_info=&#8221;{}&#8221;][\/et_pb_heading][\/et_pb_column][et_pb_column type=&#8221;3_4&#8243; _builder_version=&#8221;4.24.2&#8243; _module_preset=&#8221;default&#8221; global_colors_info=&#8221;{}&#8221;][et_pb_text _builder_version=&#8221;4.24.2&#8243; _module_preset=&#8221;default&#8221; global_colors_info=&#8221;{}&#8221;]<\/p>\n<ol>\n<li style=\"list-style-type: none;\">\n<ol>\n<li style=\"text-align: justify;\">Realizar solicitud a trav\u00e9s de la Ventanilla \u00danica de los Programas Sociales de la Secretar\u00eda de Bienestar.<\/li>\n<li style=\"text-align: justify;\">Copia de Identificaci\u00f3n Oficial legible con fotograf\u00eda (INE, pasaporte, licencia de la SSP, credencial del IMSS, cartilla militar liberada) y en caso de no contar con ninguna identificaci\u00f3n por ser poblaci\u00f3n migrante y\/o personas en proceso de reinserci\u00f3n social se except\u00faa presentando una identificaci\u00f3n de un aval.\n<\/li>\n<li style=\"text-align: justify;\">Ficha informativa en caso de ser una actividad a realizar.\n<\/li>\n<li style=\"text-align: justify;\">Establecer un compromiso de corresponsabilidad social a trav\u00e9s la firma de la carta compromiso de corresponsabilidad.<\/li>\n<\/ol>\n<\/li>\n<\/ol>\n<p>[\/et_pb_text][\/et_pb_column][\/et_pb_row][et_pb_row _builder_version=&#8221;4.24.2&#8243; _module_preset=&#8221;default&#8221;][et_pb_column _builder_version=&#8221;4.24.2&#8243; _module_preset=&#8221;default&#8221; type=&#8221;4_4&#8243;][et_pb_gallery _builder_version=&#8221;4.24.2&#8243; _module_preset=&#8221;default&#8221; gallery_ids=&#8221;2491,2492,2493,2494,2495,2496,2497,2498,2499,2500&#8243; show_title_and_caption=&#8221;off&#8221; hover_enabled=&#8221;0&#8243; sticky_enabled=&#8221;0&#8243;][\/et_pb_gallery][\/et_pb_column][\/et_pb_row][\/et_pb_section]<\/p>\n","protected":false},"excerpt":{"rendered":"<p>El Proyecto est\u00e1 dirigido a las personas, familias o grupos organizados con alg\u00fan grado de rezago social o marginaci\u00f3n ubicadas en zonas urbanas y\/o rurales.Caracter\u00edsticas de los Apoyos Entregas de apoyos en especie en una sola emisi\u00f3n, a las personas, familias o grupos organizados que presentan alguna condici\u00f3n de vulnerabilidad o bien que a trav\u00e9s [&hellip;]<\/p>\n","protected":false},"author":1,"featured_media":0,"parent":0,"menu_order":0,"comment_status":"closed","ping_status":"closed","template":"","meta":{"_acf_changed":false,"_et_pb_use_builder":"on","_et_pb_old_content":"","_et_gb_content_width":"","inline_featured_image":false,"footnotes":""},"acf":[],"_links":{"self":[{"href":"https:\/\/bienestar.campeche.gob.mx\/index.php?rest_route=\/wp\/v2\/pages\/2268"}],"collection":[{"href":"https:\/\/bienestar.campeche.gob.mx\/index.php?rest_route=\/wp\/v2\/pages"}],"about":[{"href":"https:\/\/bienestar.campeche.gob.mx\/index.php?rest_route=\/wp\/v2\/types\/page"}],"author":[{"embeddable":true,"href":"https:\/\/bienestar.campeche.gob.mx\/index.php?rest_route=\/wp\/v2\/users\/1"}],"replies":[{"embeddable":true,"href":"https:\/\/bienestar.campeche.gob.mx\/index.php?rest_route=%2Fwp%2Fv2%2Fcomments&post=2268"}],"version-history":[{"count":7,"href":"https:\/\/bienestar.campeche.gob.mx\/index.php?rest_route=\/wp\/v2\/pages\/2268\/revisions"}],"predecessor-version":[{"id":2501,"href":"https:\/\/bienestar.campeche.gob.mx\/index.php?rest_route=\/wp\/v2\/pages\/2268\/revisions\/2501"}],"wp:attachment":[{"href":"https:\/\/bienestar.campeche.gob.mx\/index.php?rest_route=%2Fwp%2Fv2%2Fmedia&parent=2268"}],"curies":[{"name":"wp","href":"https:\/\/api.w.org\/{rel}","templated":true}]}}

<p>[et_pb_section fb_built=&#8221;1&#8243; _builder_version=&#8221;4.24.2&#8243; _module_preset=&#8221;default&#8221; background_image=&#8221;https://bienestar.campeche.gob.mx/wp-content/uploads/JAGUARCOMPLETOgris2.png&#8221; background_position=&#8221;bottom_left&#8221; global_colors_info=&#8221;{}&#8221;][et_pb_row _builder_version=&#8221;4.24.2&#8243; _module_preset=&#8221;default&#8221; global_colors_info=&#8221;{}&#8221;][et_pb_column type=&#8221;4_4&#8243; _builder_version=&#8221;4.24.2&#8243; _module_preset=&#8221;default&#8221; global_colors_info=&#8221;{}&#8221;][et_pb_image src=&#8221;https://bienestar.campeche.gob.mx/wp-content/uploads/LOGOS_BIENESTAR_2024-11.png&#8221; title_text=&#8221;LOGOS_BIENESTAR_2024-11&#8243; _builder_version=&#8221;4.24.2&#8243; _module_preset=&#8221;default&#8221; width=&#8221;22%&#8221; module_alignment=&#8221;center&#8221; global_colors_info=&#8221;{}&#8221;][/et_pb_image][et_pb_text _builder_version=&#8221;4.24.2&#8243; _module_preset=&#8221;default&#8221; global_colors_info=&#8221;{}&#8221;]</p>
<p style="text-align: center;">El Proyecto está dirigido a las personas, familias o grupos organizados con algún grado de rezago social o marginación ubicadas en zonas urbanas y/o rurales.</p>
<p>[/et_pb_text][/et_pb_column][/et_pb_row][et_pb_row column_structure=&#8221;3_5,2_5&#8243; _builder_version=&#8221;4.24.2&#8243; _module_preset=&#8221;default&#8221; global_colors_info=&#8221;{}&#8221;][et_pb_column type=&#8221;3_5&#8243; _builder_version=&#8221;4.24.2&#8243; _module_preset=&#8221;default&#8221; global_colors_info=&#8221;{}&#8221;][et_pb_text _builder_version=&#8221;4.24.2&#8243; _module_preset=&#8221;default&#8221; custom_margin=&#8221;70px||||false|false&#8221; global_colors_info=&#8221;{}&#8221;]</p>
<h3 style="text-align: center;"><strong>Características de los Apoyos</strong></h3>
<p style="text-align: justify;"><strong>Entregas de apoyos en especie</strong> en una sola emisión, a las <strong>personas, familias o grupos organizados</strong> que presentan alguna <strong>condición de vulnerabilidad</strong> o bien que a través de su <strong>actividad cultural, social, ambiental y deportiva</strong> promuevan beneficios para sus comunidades, a fin de contribuir al <strong>fortalecimiento del tejido social, a la recuperación de los valores y al bienestar social.</strong></p>
<p>[/et_pb_text][/et_pb_column][et_pb_column type=&#8221;2_5&#8243; _builder_version=&#8221;4.24.2&#8243; _module_preset=&#8221;default&#8221; global_colors_info=&#8221;{}&#8221;][et_pb_image src=&#8221;https://bienestar.campeche.gob.mx/wp-content/uploads/Raul-Rogelio-Sanchez-Ake-San-Dimas-Candelaria.jpeg&#8221; title_text=&#8221;Raul Rogelio Sánchez Ake; San Dimas, Candelaria.&#8221; _builder_version=&#8221;4.24.2&#8243; _module_preset=&#8221;default&#8221; global_colors_info=&#8221;{}&#8221;][/et_pb_image][/et_pb_column][/et_pb_row][et_pb_row column_structure=&#8221;1_4,3_4&#8243; _builder_version=&#8221;4.24.2&#8243; _module_preset=&#8221;default&#8221; global_colors_info=&#8221;{}&#8221;][et_pb_column type=&#8221;1_4&#8243; _builder_version=&#8221;4.24.2&#8243; _module_preset=&#8221;default&#8221; global_colors_info=&#8221;{}&#8221;][et_pb_heading title=&#8221;Requisitos&#8221; _builder_version=&#8221;4.24.2&#8243; _module_preset=&#8221;default&#8221; title_text_align=&#8221;center&#8221; background_color=&#8221;RGBA(255,255,255,0)&#8221; background_image=&#8221;https://bienestar.campeche.gob.mx/wp-content/uploads/palomitas.png&#8221; custom_margin=&#8221;60px||||false|false&#8221; text_shadow_style=&#8221;preset4&#8243; global_colors_info=&#8221;{}&#8221;][/et_pb_heading][/et_pb_column][et_pb_column type=&#8221;3_4&#8243; _builder_version=&#8221;4.24.2&#8243; _module_preset=&#8221;default&#8221; global_colors_info=&#8221;{}&#8221;][et_pb_text _builder_version=&#8221;4.24.2&#8243; _module_preset=&#8221;default&#8221; global_colors_info=&#8221;{}&#8221;]</p>
<ol>
<li style="list-style-type: none;">
<ol>
<li style="text-align: justify;">Realizar solicitud a través de la Ventanilla Única de los Programas Sociales de la Secretaría de Bienestar.</li>
<li style="text-align: justify;">Copia de Identificación Oficial legible con fotografía (INE, pasaporte, licencia de la SSP, credencial del IMSS, cartilla militar liberada) y en caso de no contar con ninguna identificación por ser población migrante y/o personas en proceso de reinserción social se exceptúa presentando una identificación de un aval.
</li>
<li style="text-align: justify;">Ficha informativa en caso de ser una actividad a realizar.
</li>
<li style="text-align: justify;">Establecer un compromiso de corresponsabilidad social a través la firma de la carta compromiso de corresponsabilidad.</li>
</ol>
</li>
</ol>
<p>[/et_pb_text][/et_pb_column][/et_pb_row][et_pb_row _builder_version=&#8221;4.24.2&#8243; _module_preset=&#8221;default&#8221;][et_pb_column _builder_version=&#8221;4.24.2&#8243; _module_preset=&#8221;default&#8221; type=&#8221;4_4&#8243;][et_pb_gallery _builder_version=&#8221;4.24.2&#8243; _module_preset=&#8221;default&#8221; gallery_ids=&#8221;2491,2492,2493,2494,2495,2496,2497,2498,2499,2500&#8243; show_title_and_caption=&#8221;off&#8221; hover_enabled=&#8221;0&#8243; sticky_enabled=&#8221;0&#8243;][/et_pb_gallery][/et_pb_column][/et_pb_row][/et_pb_section]</p>

<p>El Proyecto está dirigido a las personas, familias o grupos organizados con algún grado de rezago social o marginación ubicadas en zonas urbanas y/o rurales.Características de los Apoyos Entregas de apoyos en especie en una sola emisión, a las personas, familias o grupos organizados que presentan alguna condición de vulnerabilidad o bien que a través [&hellip;]</p>
