{"id":2237,"date":"2024-06-28T13:19:48","date_gmt":"2024-06-28T19:19:48","guid":{"rendered":"https:\/\/bienestar.campeche.gob.mx\/?page_id=2237"},"modified":"2025-02-04T13:22:30","modified_gmt":"2025-02-04T19:22:30","slug":"inclusion-productiva","status":"publish","type":"page","link":"https:\/\/bienestar.campeche.gob.mx\/?page_id=2237","title":{"rendered":"Inclusi\u00f3n Productiva"},"content":{"rendered":"<p>[et_pb_section fb_built=&#8221;1&#8243; _builder_version=&#8221;4.24.2&#8243; _module_preset=&#8221;default&#8221; background_image=&#8221;https:\/\/bienestar.campeche.gob.mx\/wp-content\/uploads\/JAGUARCOMPLETOgris2.png&#8221; background_position=&#8221;top_left&#8221; background_blend=&#8221;multiply&#8221; global_colors_info=&#8221;{}&#8221;][et_pb_row column_structure=&#8221;3_5,2_5&#8243; _builder_version=&#8221;4.24.2&#8243; _module_preset=&#8221;default&#8221; global_colors_info=&#8221;{}&#8221;][et_pb_column type=&#8221;3_5&#8243; _builder_version=&#8221;4.24.2&#8243; _module_preset=&#8221;default&#8221; global_colors_info=&#8221;{}&#8221;][et_pb_text _builder_version=&#8221;4.24.2&#8243; _module_preset=&#8221;default&#8221; module_alignment=&#8221;center&#8221; custom_margin=&#8221;40px||0px|0px|false|false&#8221; global_colors_info=&#8221;{}&#8221;]<\/p>\n<h1 style=\"text-align: center;\">Inclusi\u00f3n Productiva<\/h1>\n<p style=\"text-align: center;\">Para este 2024, este programa aplicar\u00e1 para:<\/p>\n<p style=\"text-align: center;\"><strong><em>Calkin\u00ed, Campeche, Carmen, Champot\u00f3n y Esc\u00e1rcega.<\/em><\/strong><\/p>\n<p>[\/et_pb_text][\/et_pb_column][et_pb_column type=&#8221;2_5&#8243; _builder_version=&#8221;4.24.2&#8243; _module_preset=&#8221;default&#8221; global_colors_info=&#8221;{}&#8221;][et_pb_image src=&#8221;https:\/\/bienestar.campeche.gob.mx\/wp-content\/uploads\/LOGOS_BIENESTAR_2024-03-1.png&#8221; title_text=&#8221;LOGOS_BIENESTAR_2024-03&#8243; _builder_version=&#8221;4.24.2&#8243; _module_preset=&#8221;default&#8221; width=&#8221;30%&#8221; module_alignment=&#8221;center&#8221; global_colors_info=&#8221;{}&#8221;][\/et_pb_image][\/et_pb_column][\/et_pb_row][et_pb_row column_structure=&#8221;1_4,1_2,1_4&#8243; _builder_version=&#8221;4.24.2&#8243; _module_preset=&#8221;default&#8221; module_alignment=&#8221;center&#8221; global_colors_info=&#8221;{}&#8221;][et_pb_column type=&#8221;1_4&#8243; _builder_version=&#8221;4.24.2&#8243; _module_preset=&#8221;default&#8221; custom_padding=&#8221;100px||||false|false&#8221; global_colors_info=&#8221;{}&#8221;][et_pb_number_counter title=&#8221;Beneficiarios Programados&#8221; number=&#8221;333&#8243; percent_sign=&#8221;off&#8221; _builder_version=&#8221;4.24.2&#8243; _module_preset=&#8221;default&#8221; module_alignment=&#8221;center&#8221; global_colors_info=&#8221;{}&#8221;][\/et_pb_number_counter][\/et_pb_column][et_pb_column type=&#8221;1_2&#8243; _builder_version=&#8221;4.24.2&#8243; _module_preset=&#8221;default&#8221; global_colors_info=&#8221;{}&#8221;][et_pb_image src=&#8221;https:\/\/bienestar.campeche.gob.mx\/wp-content\/uploads\/16_01.jpeg&#8221; title_text=&#8221;16_01&#8243; _builder_version=&#8221;4.24.2&#8243; _module_preset=&#8221;default&#8221; global_colors_info=&#8221;{}&#8221;][\/et_pb_image][\/et_pb_column][et_pb_column type=&#8221;1_4&#8243; _builder_version=&#8221;4.24.2&#8243; _module_preset=&#8221;default&#8221; global_colors_info=&#8221;{}&#8221;][et_pb_text _builder_version=&#8221;4.24.2&#8243; _module_preset=&#8221;default&#8221; global_colors_info=&#8221;{}&#8221;]<\/p>\n<p style=\"text-align: justify;\">Este programa entrega un apoyo por persona, hasta en seis ministraciones mensuales; vinculando a las y los beneficiarios con negocios formales, considerando el Servicio de Atenci\u00f3n M\u00e9dico Integral, a trav\u00e9s del Programa IMSS-BIENESTAR.<\/p>\n<p style=\"text-align: justify;\">Las y los beneficiarios deber\u00e1n realizar 1 acci\u00f3n mensual en favor de su comunidad: reforestaci\u00f3n, limpieza de parques, \u00e1reas naturales, etc.<\/p>\n<p>[\/et_pb_text][\/et_pb_column][\/et_pb_row][et_pb_row _builder_version=&#8221;4.24.2&#8243; _module_preset=&#8221;default&#8221; global_colors_info=&#8221;{}&#8221;][et_pb_column type=&#8221;4_4&#8243; _builder_version=&#8221;4.24.2&#8243; _module_preset=&#8221;default&#8221; global_colors_info=&#8221;{}&#8221;][et_pb_text _builder_version=&#8221;4.24.2&#8243; _module_preset=&#8221;default&#8221; global_colors_info=&#8221;{}&#8221;]<\/p>\n<p style=\"text-align: center;\"><span style=\"color: #000000;\"><strong>El beneficio consistir\u00e1 en la capacitaci\u00f3n, asesor\u00eda y\/o asistencia t\u00e9cnica gratuita; en temas afines a su experiencia laboral, pudiendo acceder las personas al n\u00famero de eventos que considere necesario.<\/strong><\/span><\/p>\n<p>[\/et_pb_text][\/et_pb_column][\/et_pb_row][et_pb_row column_structure=&#8221;1_3,2_3&#8243; _builder_version=&#8221;4.24.2&#8243; _module_preset=&#8221;default&#8221; global_colors_info=&#8221;{}&#8221;][et_pb_column type=&#8221;1_3&#8243; _builder_version=&#8221;4.24.2&#8243; _module_preset=&#8221;default&#8221; global_colors_info=&#8221;{}&#8221;][lwp_image_carousel gallery_ids=&#8221;2251,2253,2255&#8243; slides_show=&#8221;1&#8243; _builder_version=&#8221;4.27.2&#8243; _module_preset=&#8221;default&#8221; transform_translate=&#8221;0px|135px&#8221; transform_translate_linked=&#8221;off&#8221; hover_enabled=&#8221;0&#8243; border_radii_image=&#8221;on|7px|7px|7px|7px&#8221; global_colors_info=&#8221;{}&#8221; sticky_enabled=&#8221;0&#8243;][\/lwp_image_carousel][\/et_pb_column][et_pb_column type=&#8221;2_3&#8243; _builder_version=&#8221;4.24.2&#8243; _module_preset=&#8221;default&#8221; global_colors_info=&#8221;{}&#8221;][et_pb_text _builder_version=&#8221;4.24.2&#8243; _module_preset=&#8221;default&#8221; global_colors_info=&#8221;{}&#8221;]<\/p>\n<p><strong>\u00a0 \u00a0 \u00a0 \u00a0 \u00a0 \u00a0 \u00a0 \u00a0 Requisitos Generales:<\/strong><\/p>\n<ol>\n<li style=\"text-align: justify;\"><span style=\"color: #000000;\">Ser mayor de edad en el rango de 35 a 64 a\u00f1os;<\/span><\/li>\n<li style=\"text-align: justify;\"><span style=\"color: #000000;\">Tener residencia m\u00ednima de un a\u00f1o en el lugar en que habite y en los Municipios beneficiados dentro del Estado de Campeche;<\/span><\/li>\n<li style=\"text-align: justify;\"><span style=\"color: #000000;\">Habitar en las zonas urbanas de atenci\u00f3n prioritaria seg\u00fan la Secretar\u00eda de BIENESTAR;<\/span><\/li>\n<li style=\"text-align: justify;\"><span style=\"color: #000000;\">Ser Persona Desempleada;<\/span><\/li>\n<li style=\"text-align: justify;\"><span style=\"color: #000000;\">Ser jefa(e) de familia; y<\/span><\/li>\n<li style=\"text-align: justify;\"><span style=\"color: #000000;\">Contar con alguna vocaci\u00f3n productiva, actividad laboral u oficio.<\/span><\/li>\n<\/ol>\n<p><strong>\u00a0 \u00a0 \u00a0 \u00a0 \u00a0 \u00a0 \u00a0 \u00a0Obligatorios:<\/strong><\/p>\n<p>Presentar la siguiente documentaci\u00f3n en &#8221; La Ventanilla \u00danica&#8221;&#8230;<strong><\/strong><\/p>\n<ol>\n<li style=\"text-align: justify;\">Copia de Clave \u00danica del Registro de Poblaci\u00f3n (CURP);<\/li>\n<li style=\"text-align: justify;\">Copia de Identificaci\u00f3n con fotograf\u00eda y domicilio (INE);<\/li>\n<li style=\"text-align: justify;\">Copia de Acta de nacimiento de sus dependientes econ\u00f3micos;<\/li>\n<li style=\"text-align: justify;\">Constancia de Vigencia de Derechos del Instituto Mexicano del Seguro Social (IMSS);<\/li>\n<li style=\"text-align: justify;\">Acreditaci\u00f3n de no afiliaci\u00f3n del Instituto de Seguridad y Servicios Sociales de los Trabajadores al Servicio del Estado (ISSSTE);<\/li>\n<li style=\"text-align: justify;\"><span style=\"font-size: 14px;\">Presentar solicitud por escrito, dirigida a la Titular de la Secretar\u00eda de Bienestar, exponiendo su situaci\u00f3n de Llenar Solicitud (Formato: DBE-01), donde bajo protesta de decir verdad afirme que no est\u00e1 <\/span>recibiendo apoyos de otros programas similares con recurso Municipal, Estatal o Federal, y estar en condici\u00f3n de desempleo; y<\/li>\n<li style=\"text-align: justify;\">Llenar Carta Compromiso (Formato: DBE-02), para tomar las capacitaciones necesarias referente a su actividad econ\u00f3mica y la realizaci\u00f3n de una actividad social mensual. desempleo, su experiencia laboral y su petici\u00f3n para ser incluido al Programa.<\/li>\n<\/ol>\n<p style=\"text-align: center;\">Para el caso de la poblaci\u00f3n en proceso de reinserci\u00f3n social, se pondr\u00e1 a consideraci\u00f3n del Comit\u00e9 T\u00e9cnico del Programa \u201cInclusi\u00f3n productiva\u201d.<\/p>\n<p>[\/et_pb_text][\/et_pb_column][\/et_pb_row][\/et_pb_section]<\/p>\n","protected":false},"excerpt":{"rendered":"<p>Inclusi\u00f3n Productiva Para este 2024, este programa aplicar\u00e1 para: Calkin\u00ed, Campeche, Carmen, Champot\u00f3n y Esc\u00e1rcega.Este programa entrega un apoyo por persona, hasta en seis ministraciones mensuales; vinculando a las y los beneficiarios con negocios formales, considerando el Servicio de Atenci\u00f3n M\u00e9dico Integral, a trav\u00e9s del Programa IMSS-BIENESTAR. Las y los beneficiarios deber\u00e1n realizar 1 acci\u00f3n [&hellip;]<\/p>\n","protected":false},"author":1,"featured_media":0,"parent":0,"menu_order":0,"comment_status":"closed","ping_status":"closed","template":"","meta":{"_acf_changed":false,"_et_pb_use_builder":"on","_et_pb_old_content":"","_et_gb_content_width":"","inline_featured_image":false,"footnotes":""},"acf":[],"_links":{"self":[{"href":"https:\/\/bienestar.campeche.gob.mx\/index.php?rest_route=\/wp\/v2\/pages\/2237"}],"collection":[{"href":"https:\/\/bienestar.campeche.gob.mx\/index.php?rest_route=\/wp\/v2\/pages"}],"about":[{"href":"https:\/\/bienestar.campeche.gob.mx\/index.php?rest_route=\/wp\/v2\/types\/page"}],"author":[{"embeddable":true,"href":"https:\/\/bienestar.campeche.gob.mx\/index.php?rest_route=\/wp\/v2\/users\/1"}],"replies":[{"embeddable":true,"href":"https:\/\/bienestar.campeche.gob.mx\/index.php?rest_route=%2Fwp%2Fv2%2Fcomments&post=2237"}],"version-history":[{"count":17,"href":"https:\/\/bienestar.campeche.gob.mx\/index.php?rest_route=\/wp\/v2\/pages\/2237\/revisions"}],"predecessor-version":[{"id":2625,"href":"https:\/\/bienestar.campeche.gob.mx\/index.php?rest_route=\/wp\/v2\/pages\/2237\/revisions\/2625"}],"wp:attachment":[{"href":"https:\/\/bienestar.campeche.gob.mx\/index.php?rest_route=%2Fwp%2Fv2%2Fmedia&parent=2237"}],"curies":[{"name":"wp","href":"https:\/\/api.w.org\/{rel}","templated":true}]}}