{"id":2047,"date":"2024-02-27T11:21:00","date_gmt":"2024-02-27T17:21:00","guid":{"rendered":"https:\/\/bienestar.campeche.gob.mx\/?page_id=2047"},"modified":"2025-02-04T13:49:57","modified_gmt":"2025-02-04T19:49:57","slug":"espacios-comunitarios-3","status":"publish","type":"page","link":"https:\/\/bienestar.campeche.gob.mx\/?page_id=2047","title":{"rendered":"Espacios Comunitarios"},"content":{"rendered":"<p>[et_pb_section fb_built=&#8221;1&#8243; _builder_version=&#8221;4.19.2&#8243; _module_preset=&#8221;default&#8221; background_image=&#8221;https:\/\/bienestar.campeche.gob.mx\/wp-content\/uploads\/JAGUARCOMPLETOgris.png&#8221; background_position=&#8221;center_left&#8221; background_horizontal_offset=&#8221;27%&#8221; global_colors_info=&#8221;{}&#8221;][et_pb_row _builder_version=&#8221;4.19.2&#8243; _module_preset=&#8221;default&#8221; global_colors_info=&#8221;{}&#8221;][et_pb_column type=&#8221;4_4&#8243; _builder_version=&#8221;4.19.2&#8243; _module_preset=&#8221;default&#8221; global_colors_info=&#8221;{}&#8221;][et_pb_image src=&#8221;https:\/\/bienestar.campeche.gob.mx\/wp-content\/uploads\/LOGOS_BIENESTAR_2024-15.png&#8221; title_text=&#8221;LOGOS_BIENESTAR_2024-15&#8243; _builder_version=&#8221;4.19.2&#8243; _module_preset=&#8221;default&#8221; width=&#8221;33%&#8221; module_alignment=&#8221;center&#8221; global_colors_info=&#8221;{}&#8221;][\/et_pb_image][\/et_pb_column][\/et_pb_row][\/et_pb_section][et_pb_section fb_built=&#8221;1&#8243; specialty=&#8221;on&#8221; _builder_version=&#8221;4.19.2&#8243; _module_preset=&#8221;default&#8221; custom_padding=&#8221;||0px|||&#8221; global_colors_info=&#8221;{}&#8221;][et_pb_column type=&#8221;1_2&#8243; _builder_version=&#8221;4.16&#8243; custom_padding=&#8221;|||&#8221; global_colors_info=&#8221;{}&#8221; custom_padding__hover=&#8221;|||&#8221;][et_pb_image src=&#8221;https:\/\/bienestar.campeche.gob.mx\/wp-content\/uploads\/ESCUDO_GRIS.png&#8221; title_text=&#8221;ESCUDO_GRIS&#8221; align=&#8221;center&#8221; _builder_version=&#8221;4.27.2&#8243; _module_preset=&#8221;default&#8221; module_alignment=&#8221;center&#8221; hover_enabled=&#8221;0&#8243; global_colors_info=&#8221;{}&#8221; width=&#8221;45%&#8221; sticky_enabled=&#8221;0&#8243;][\/et_pb_image][\/et_pb_column][et_pb_column type=&#8221;1_2&#8243; specialty_columns=&#8221;2&#8243; _builder_version=&#8221;4.16&#8243; custom_padding=&#8221;|||&#8221; global_colors_info=&#8221;{}&#8221; custom_padding__hover=&#8221;|||&#8221;][et_pb_row_inner column_structure=&#8221;1_2,1_2&#8243; _builder_version=&#8221;4.19.2&#8243; _module_preset=&#8221;default&#8221; global_colors_info=&#8221;{}&#8221;][et_pb_column_inner type=&#8221;1_2&#8243; saved_specialty_column_type=&#8221;1_2&#8243; _builder_version=&#8221;4.19.2&#8243; _module_preset=&#8221;default&#8221; global_colors_info=&#8221;{}&#8221;][et_pb_text _builder_version=&#8221;4.19.2&#8243; _module_preset=&#8221;default&#8221; global_colors_info=&#8221;{}&#8221;]<\/p>\n<h4 style=\"text-align: center;\"><strong>OBJETIVO<\/strong><\/h4>\n<p style=\"text-align: justify;\">Promover acciones que contribuyan al bienestar de los Espacios Comunitarios, a trav\u00e9s de apoyos relacionados con el equipamiento. que favorezcan el mejoramiento de los servicios que ofrecen, a trav\u00e9s de equipo funcional.<\/p>\n<p>[\/et_pb_text][\/et_pb_column_inner][et_pb_column_inner type=&#8221;1_2&#8243; _builder_version=&#8221;4.19.2&#8243; _module_preset=&#8221;default&#8221; global_colors_info=&#8221;{}&#8221;][et_pb_text _builder_version=&#8221;4.19.2&#8243; _module_preset=&#8221;default&#8221; global_colors_info=&#8221;{}&#8221;]<\/p>\n<h4 style=\"text-align: center;\"><strong>COBERTURA<\/strong><\/h4>\n<p style=\"text-align: justify;\">Las acciones y beneficios est\u00e1n dirigidos a los espacios comunitarios y las personas usuarias, que est\u00e1n en operaci\u00f3n. De las localidades rurales y urbanas de todo el Estado de Campeche.<\/p>\n<p>[\/et_pb_text][\/et_pb_column_inner][\/et_pb_row_inner][et_pb_row_inner _builder_version=&#8221;4.19.2&#8243; _module_preset=&#8221;default&#8221; global_colors_info=&#8221;{}&#8221;][et_pb_column_inner saved_specialty_column_type=&#8221;1_2&#8243; _builder_version=&#8221;4.19.2&#8243; _module_preset=&#8221;default&#8221; global_colors_info=&#8221;{}&#8221;][et_pb_text _builder_version=&#8221;4.19.2&#8243; _module_preset=&#8221;default&#8221; global_colors_info=&#8221;{}&#8221;]<\/p>\n<h4 style=\"text-align: center;\"><strong>POBLACI\u00d3N OBJETIVO<\/strong><\/h4>\n<p style=\"text-align: justify;\">Los Espacios Comunitarios, las personas que hacen uso de los mismos y que tengan necesidades de fortalecer los Espacios Comunitarios que se encuentren en situaci\u00f3n precaria.<\/p>\n<p>[\/et_pb_text][\/et_pb_column_inner][\/et_pb_row_inner][\/et_pb_column][\/et_pb_section][et_pb_section fb_built=&#8221;1&#8243; _builder_version=&#8221;4.24.2&#8243; _module_preset=&#8221;default&#8221; background_enable_image=&#8221;off&#8221; custom_padding=&#8221;0px|||||&#8221; global_colors_info=&#8221;{}&#8221;][et_pb_row _builder_version=&#8221;4.19.2&#8243; _module_preset=&#8221;default&#8221; global_colors_info=&#8221;{}&#8221;][et_pb_column type=&#8221;4_4&#8243; _builder_version=&#8221;4.19.2&#8243; _module_preset=&#8221;default&#8221; global_colors_info=&#8221;{}&#8221;][et_pb_text _builder_version=&#8221;4.24.2&#8243; _module_preset=&#8221;default&#8221; global_colors_info=&#8221;{}&#8221;]<\/p>\n<table width=\"1377\" style=\"height: 304px;\">\n<tbody>\n<tr style=\"height: 24px;\">\n<td style=\"background-color: #691c32; height: 24px; width: 387.625px; text-align: center;\"><span style=\"color: #ffffff;\"><b>CARACTER\u00cdSTICA<\/b><\/span><\/td>\n<td style=\"background-color: #691c32; height: 24px; width: 610.838px; text-align: center;\"><span style=\"color: #ffffff;\"><b>PROYECTOS, ACCIONES Y\/O ACTIVIDADES<\/b><\/span><\/td>\n<td style=\"background-color: #691c32; height: 24px; width: 359.737px; text-align: center;\"><span style=\"color: #ffffff;\"><b>TIPO DE ESPACIO <\/b><b>COMUNITARIO<\/b><\/span><\/td>\n<\/tr>\n<tr style=\"height: 136px;\">\n<td rowspan=\"3\" style=\"height: 280px; width: 387.625px;\">Equipamientos para el bienestar en espacios comunitarios<\/td>\n<td style=\"height: 136px; width: 610.838px;\">\n<p>Equipamiento para el Bienestar de<\/p>\n<p>Espacios Comunitarios de Alojamiento o Residencia.<\/p>\n<\/td>\n<td style=\"height: 136px; width: 359.737px;\">\n<p>1.- Albergues,<\/p>\n<p>2.- Espacios de alojamiento,<\/p>\n<p>3.- Casas Hogares<\/p>\n<\/td>\n<\/tr>\n<tr style=\"height: 96px;\">\n<td style=\"height: 96px; width: 610.838px;\">Equipamiento para el Bienestar de Espacios Comunitarios de Alimentaci\u00f3n.<\/td>\n<td style=\"height: 96px; width: 359.737px;\">\n<p>1.- Comedores comunitarios,<\/p>\n<p>2.- Centros de Alimentaci\u00f3n.<\/p>\n<\/td>\n<\/tr>\n<tr style=\"height: 48px;\">\n<td style=\"height: 48px; width: 610.838px;\">Equipamiento para el Bienestar de Otros Espacios Comunitarios.<\/td>\n<td style=\"height: 48px; width: 359.737px;\">1.-, Todo espacio comunitario en funciones que lo solicite y el Comit\u00e9 T\u00e9cnico determine<\/td>\n<\/tr>\n<\/tbody>\n<\/table>\n<p>&nbsp;<\/p>\n<p>[\/et_pb_text][\/et_pb_column][\/et_pb_row][et_pb_row _builder_version=&#8221;4.19.2&#8243; _module_preset=&#8221;default&#8221; global_colors_info=&#8221;{}&#8221;][et_pb_column type=&#8221;4_4&#8243; _builder_version=&#8221;4.19.2&#8243; _module_preset=&#8221;default&#8221; global_colors_info=&#8221;{}&#8221;][et_pb_text _builder_version=&#8221;4.24.2&#8243; _module_preset=&#8221;default&#8221; global_colors_info=&#8221;{}&#8221;]<\/p>\n<h4 style=\"text-align: center;\"><b>REQUISITOS GENERALES PARA SER BENEFICIARIOS<\/b><\/h4>\n<ul>\n<li style=\"text-align: justify;\">Que el espacio comunitario se encuentre en funcionamiento, cuya administraci\u00f3n o responsabilidad est\u00e9 a cargo de alguna instancia Federal, Estatal, Municipal y\/o Organizaci\u00f3n de la Sociedad Civil (OSCs).<\/li>\n<li style=\"text-align: justify;\">Que el espacio comunitario est\u00e9, preferentemente, en situaci\u00f3n regular con respecto a la propiedad y\/o tenencia de la tierra.<\/li>\n<li style=\"text-align: justify;\">Presentar solicitud por escrito; anexando las carencias relacionadas con el equipamiento de los espacios comunitarios.<\/li>\n<li style=\"text-align: justify;\">Si la acci\u00f3n fuese financiada con recurso federal, en todo momento se considerar\u00e1 los criterios y\u00a0 requisitos que establezca la reglamentaci\u00f3n federal.<\/li>\n<\/ul>\n<ul><\/ul>\n<p>[\/et_pb_text][\/et_pb_column][\/et_pb_row][et_pb_row _builder_version=&#8221;4.19.2&#8243; _module_preset=&#8221;default&#8221; global_colors_info=&#8221;{}&#8221;][et_pb_column type=&#8221;4_4&#8243; _builder_version=&#8221;4.19.2&#8243; _module_preset=&#8221;default&#8221; global_colors_info=&#8221;{}&#8221;][et_pb_image src=&#8221;https:\/\/bienestar.campeche.gob.mx\/wp-content\/uploads\/Sin-titulo-1.png&#8221; title_text=&#8221;Sin t\u00edtulo-1&#8243; align=&#8221;center&#8221; _builder_version=&#8221;4.19.2&#8243; _module_preset=&#8221;default&#8221; width=&#8221;45%&#8221; module_alignment=&#8221;center&#8221; global_colors_info=&#8221;{}&#8221;][\/et_pb_image][\/et_pb_column][\/et_pb_row][et_pb_row _builder_version=&#8221;4.19.2&#8243; _module_preset=&#8221;default&#8221; global_colors_info=&#8221;{}&#8221;][et_pb_column type=&#8221;4_4&#8243; _builder_version=&#8221;4.19.2&#8243; _module_preset=&#8221;default&#8221; global_colors_info=&#8221;{}&#8221;][et_pb_text _builder_version=&#8221;4.19.2&#8243; _module_preset=&#8221;default&#8221; global_colors_info=&#8221;{}&#8221;]<\/p>\n<h4 style=\"text-align: center;\"><b>CRITERIO DE <\/b><b>ELEGIBILIDAD<\/b><\/h4>\n<ul>\n<li style=\"text-align: justify;\">Que el espacio comunitario se encuentre en el \u00e1rea de cobertura del programa.<\/li>\n<li style=\"text-align: justify;\">Que el espacio comunitario se encuentre en operaci\u00f3n y funcionando.<\/li>\n<li style=\"text-align: justify;\">Que el espacio comunitario presente la necesidad del equipamiento.<\/li>\n<\/ul>\n<p>&nbsp;<\/p>\n<p>&nbsp;<\/p>\n<h4 style=\"text-align: center;\"><b>PRIORIZACI\u00d3N<\/b><\/h4>\n<ul>\n<li style=\"text-align: justify;\">El programa priorizar\u00e1 a los espacios comunitarios en los cuales el 50 por ciento o m\u00e1s de los usuarios sean mujeres.<\/li>\n<li style=\"text-align: justify;\">Cuando los solicitantes del espacio comunitario provengan preferentemente de comunidades, que tengan de 50 y m\u00e1s habitantes, con alg\u00fan grado de marginaci\u00f3n, dando prioridad aquellas de alto y muy alto grado, definido por el Consejo Nacional de Poblaci\u00f3n; as\u00ed como las ZAP, y\/o que provengan de Pueblos y Comunidades Afromexicana e Ind\u00edgenas, en el Estado.<\/li>\n<li style=\"text-align: justify;\">Cuando las capacidades de atenci\u00f3n a los beneficiarios del Espacio Comunitario sean insuficientes en relaci\u00f3n a los servicios y a la demanda de estos.<\/li>\n<li style=\"text-align: justify;\">El programa priorizar\u00e1 a los espacios comunitarios o centros en los casos en que alguno de los Organismos de Derechos Humanos dicte medidas precautorias o cautelares a favor de determinada persona o grupos de personas, o emita una recomendaci\u00f3n o conciliaci\u00f3n; se realizar\u00e1n las acciones que permitan dar celeridad a su inscripci\u00f3n como espacios beneficiados del programa y garantizar con ello el ejercicio de sus derechos humanos.<\/li>\n<\/ul>\n<p>[\/et_pb_text][\/et_pb_column][\/et_pb_row][et_pb_row column_structure=&#8221;1_2,1_2&#8243; _builder_version=&#8221;4.24.2&#8243; _module_preset=&#8221;default&#8221; global_colors_info=&#8221;{}&#8221;][et_pb_column type=&#8221;1_2&#8243; _builder_version=&#8221;4.24.2&#8243; _module_preset=&#8221;default&#8221; global_colors_info=&#8221;{}&#8221;][et_pb_image src=&#8221;https:\/\/bienestar.campeche.gob.mx\/wp-content\/uploads\/1-2-3.jpg&#8221; title_text=&#8221;1 (2)&#8221; _builder_version=&#8221;4.24.2&#8243; _module_preset=&#8221;default&#8221; global_colors_info=&#8221;{}&#8221;][\/et_pb_image][\/et_pb_column][et_pb_column type=&#8221;1_2&#8243; _builder_version=&#8221;4.24.2&#8243; _module_preset=&#8221;default&#8221; global_colors_info=&#8221;{}&#8221;][et_pb_image src=&#8221;https:\/\/bienestar.campeche.gob.mx\/wp-content\/uploads\/1-1-2.jpg&#8221; title_text=&#8221;1 (1)&#8221; _builder_version=&#8221;4.24.2&#8243; _module_preset=&#8221;default&#8221; global_colors_info=&#8221;{}&#8221;][\/et_pb_image][\/et_pb_column][\/et_pb_row][\/et_pb_section]<\/p>\n","protected":false},"excerpt":{"rendered":"<p>OBJETIVO Promover acciones que contribuyan al bienestar de los Espacios Comunitarios, a trav\u00e9s de apoyos relacionados con el equipamiento. que favorezcan el mejoramiento de los servicios que ofrecen, a trav\u00e9s de equipo funcional.COBERTURA Las acciones y beneficios est\u00e1n dirigidos a los espacios comunitarios y las personas usuarias, que est\u00e1n en operaci\u00f3n. De las localidades rurales [&hellip;]<\/p>\n","protected":false},"author":1,"featured_media":0,"parent":0,"menu_order":0,"comment_status":"closed","ping_status":"closed","template":"","meta":{"_acf_changed":false,"_et_pb_use_builder":"on","_et_pb_old_content":"","_et_gb_content_width":"","inline_featured_image":false,"footnotes":""},"acf":[],"_links":{"self":[{"href":"https:\/\/bienestar.campeche.gob.mx\/index.php?rest_route=\/wp\/v2\/pages\/2047"}],"collection":[{"href":"https:\/\/bienestar.campeche.gob.mx\/index.php?rest_route=\/wp\/v2\/pages"}],"about":[{"href":"https:\/\/bienestar.campeche.gob.mx\/index.php?rest_route=\/wp\/v2\/types\/page"}],"author":[{"embeddable":true,"href":"https:\/\/bienestar.campeche.gob.mx\/index.php?rest_route=\/wp\/v2\/users\/1"}],"replies":[{"embeddable":true,"href":"https:\/\/bienestar.campeche.gob.mx\/index.php?rest_route=%2Fwp%2Fv2%2Fcomments&post=2047"}],"version-history":[{"count":10,"href":"https:\/\/bienestar.campeche.gob.mx\/index.php?rest_route=\/wp\/v2\/pages\/2047\/revisions"}],"predecessor-version":[{"id":2634,"href":"https:\/\/bienestar.campeche.gob.mx\/index.php?rest_route=\/wp\/v2\/pages\/2047\/revisions\/2634"}],"wp:attachment":[{"href":"https:\/\/bienestar.campeche.gob.mx\/index.php?rest_route=%2Fwp%2Fv2%2Fmedia&parent=2047"}],"curies":[{"name":"wp","href":"https:\/\/api.w.org\/{rel}","templated":true}]}}