{"id":1429,"date":"2023-09-26T10:52:55","date_gmt":"2023-09-26T16:52:55","guid":{"rendered":"https:\/\/desarrollobienestar.campeche.gob.mx\/?page_id=1429"},"modified":"2023-10-13T14:50:19","modified_gmt":"2023-10-13T20:50:19","slug":"formacionjaguar","status":"publish","type":"page","link":"https:\/\/bienestar.campeche.gob.mx\/?page_id=1429","title":{"rendered":"Formaci\u00f3nJaguar"},"content":{"rendered":"<p>[et_pb_section fb_built=&#8221;1&#8243; admin_label=&#8221;Header&#8221; _builder_version=&#8221;4.21.0&#8243; _module_preset=&#8221;default&#8221; custom_margin=&#8221;||-52px|||&#8221; custom_padding=&#8221;||0px|||&#8221; collapsed=&#8221;on&#8221; global_colors_info=&#8221;{}&#8221;][et_pb_row column_structure=&#8221;3_5,2_5&#8243; _builder_version=&#8221;4.21.0&#8243; _module_preset=&#8221;default&#8221; global_colors_info=&#8221;{}&#8221;][et_pb_column type=&#8221;3_5&#8243; _builder_version=&#8221;4.21.0&#8243; _module_preset=&#8221;default&#8221; global_colors_info=&#8221;{}&#8221;][et_pb_image src=&#8221;https:\/\/layouts2.divi.support\/home-decor\/wp-content\/uploads\/sites\/33\/2023\/07\/home-decor-50.png&#8221; title_text=&#8221;home-decor-50&#8243; _builder_version=&#8221;4.21.0&#8243; _module_preset=&#8221;default&#8221; transform_translate=&#8221;-100%|-50%&#8221; transform_translate_linked=&#8221;off&#8221; positioning=&#8221;absolute&#8221; max_width=&#8221;80px&#8221; max_height=&#8221;80px&#8221; global_colors_info=&#8221;{}&#8221;][\/et_pb_image][et_pb_text _builder_version=&#8221;4.19.2&#8243; _module_preset=&#8221;86d19e1a-f3e4-4a92-a0a3-f205df32ede3&#8243; background_color=&#8221;RGBA(255,255,255,0)&#8221; background_image=&#8221;https:\/\/bienestar.campeche.gob.mx\/wp-content\/uploads\/LOGOS-BIENESTAR-01.png&#8221; background_size=&#8221;contain&#8221; background_blend=&#8221;hue&#8221; global_colors_info=&#8221;{}&#8221;]<\/p>\n<p>&nbsp;<\/p>\n<p>&nbsp;<\/p>\n<p>&nbsp;<\/p>\n<p>&nbsp;<\/p>\n<p>&nbsp;<\/p>\n<p>&nbsp;<\/p>\n<p>&nbsp;<\/p>\n<p>&nbsp;<\/p>\n<p>&nbsp;<\/p>\n<p>[\/et_pb_text][et_pb_text _builder_version=&#8221;4.19.2&#8243; _module_preset=&#8221;9ccf5648-da90-4f5c-84be-7e801f3eabb4&#8243; global_colors_info=&#8221;{}&#8221;]<\/p>\n<h1><strong>OBJETIVO GENERAL<\/strong><\/h1>\n<p>Contribuir a reducir los gastos generados durante la formaci\u00f3n acad\u00e9mica y profesional, entregando apoyos econ\u00f3micos o en especie a la poblaci\u00f3n de diferentes niveles educativos, ni\u00f1as, ni\u00f1os y j\u00f3venes con alto desempe\u00f1o deportivo y\/o en educaci\u00f3n especial, de pasantes o egresados que preferentemente se encuentren en situaciones de vulnerabilidad y habiten en pueblos y comunidades ind\u00edgenas garantizando la equidad e inclusi\u00f3n.<\/p>\n<p>[\/et_pb_text][\/et_pb_column][et_pb_column type=&#8221;2_5&#8243; _builder_version=&#8221;4.21.0&#8243; _module_preset=&#8221;default&#8221; global_colors_info=&#8221;{}&#8221;][et_pb_image src=&#8221;https:\/\/bienestar.campeche.gob.mx\/wp-content\/uploads\/Imagen2.png&#8221; title_text=&#8221;Imagen2&#8243; _builder_version=&#8221;4.19.2&#8243; _module_preset=&#8221;default&#8221; background_enable_image=&#8221;off&#8221; background_size=&#8221;custom&#8221; background_image_width=&#8221;62%&#8221; background_image_height=&#8221;0%&#8221; background_blend=&#8221;darken&#8221; custom_margin=&#8221;|-8vw|||false|false&#8221; custom_margin_tablet=&#8221;|0vw|||false|false&#8221; custom_margin_phone=&#8221;|0vw|||false|false&#8221; custom_margin_last_edited=&#8221;on|desktop&#8221; global_colors_info=&#8221;{}&#8221;][\/et_pb_image][et_pb_icon font_icon=&#8221;&#xf621;||fa||900&#8243; icon_color=&#8221;gcid-52e8b489-b10c-41af-b3c4-a69642f2df1f&#8221; icon_width=&#8221;48px&#8221; _builder_version=&#8221;4.21.0&#8243; _module_preset=&#8221;default&#8221; positioning=&#8221;absolute&#8221; position_origin_a=&#8221;bottom_right&#8221; vertical_offset=&#8221;16%&#8221; horizontal_offset=&#8221;-6vw&#8221; z_index=&#8221;9&#8243; locked=&#8221;off&#8221; global_colors_info=&#8221;{%22gcid-52e8b489-b10c-41af-b3c4-a69642f2df1f%22:%91%22icon_color%22%93}&#8221;][\/et_pb_icon][\/et_pb_column][\/et_pb_row][\/et_pb_section][et_pb_section fb_built=&#8221;1&#8243; admin_label=&#8221;Video&#8221; _builder_version=&#8221;4.21.0&#8243; _module_preset=&#8221;default&#8221; min_height=&#8221;250.6px&#8221; custom_margin=&#8221;65px|||||&#8221; custom_padding=&#8221;||5px|||&#8221; collapsed=&#8221;on&#8221; global_colors_info=&#8221;{}&#8221;][et_pb_row _builder_version=&#8221;4.21.0&#8243; _module_preset=&#8221;default&#8221; max_width=&#8221;822px&#8221; module_alignment=&#8221;center&#8221; min_height=&#8221;243.6px&#8221; saved_tabs=&#8221;all&#8221; global_colors_info=&#8221;{}&#8221;][et_pb_column type=&#8221;4_4&#8243; _builder_version=&#8221;4.21.0&#8243; _module_preset=&#8221;default&#8221; global_colors_info=&#8221;{}&#8221;][et_pb_text _builder_version=&#8221;4.19.2&#8243; _module_preset=&#8221;d7f63049-2a00-4acd-b532-14bc7ae4f610&#8243; header_4_text_color=&#8221;gcid-52e8b489-b10c-41af-b3c4-a69642f2df1f&#8221; text_orientation=&#8221;center&#8221; global_colors_info=&#8221;{%22gcid-52e8b489-b10c-41af-b3c4-a69642f2df1f%22:%91%22header_4_text_color%22%93}&#8221;]<\/p>\n<h4>En resumen:<\/h4>\n<p>[\/et_pb_text][et_pb_text _builder_version=&#8221;4.19.2&#8243; _module_preset=&#8221;1009e9f3-4db2-4dd0-ae2b-b2d74eb03d66&#8243; text_orientation=&#8221;center&#8221; global_colors_info=&#8221;{}&#8221;]<\/p>\n<p style=\"text-align: center;\"><b>Contribuir a impulsar el Desarrollo Humano mediante mayores oportunidades para la formaci\u00f3n acad\u00e9mica y profesional de los estudiantes de escuelas p\u00fablicas de nivel primaria, medio superior y superior, del Centro Deportivo de Alto Rendimiento (CEDAR) y Centros de Atenci\u00f3n M\u00faltiple de Educaci\u00f3n Especial (CAM).<\/b><\/p>\n<p>[\/et_pb_text][et_pb_video src=&#8221;https:\/\/www.youtube.com\/watch?v=FkQuawiGWUw&#8221; image_src=&#8221;https:\/\/layouts2.divi.support\/home-decor\/wp-content\/uploads\/sites\/33\/2023\/07\/home-decor-10.jpg&#8221; play_icon_color=&#8221;#FFFFFF&#8221; font_icon=&#8221;&#xf144;||fa||900&#8243; use_icon_font_size=&#8221;on&#8221; icon_font_size=&#8221;56px&#8221; thumbnail_overlay_color=&#8221;#FFFFFF&#8221; _builder_version=&#8221;4.21.0&#8243; _module_preset=&#8221;default&#8221; max_width=&#8221;200px&#8221; module_alignment=&#8221;center&#8221; border_radii=&#8221;on|10px|10px|10px|10px&#8221; global_colors_info=&#8221;{}&#8221;][\/et_pb_video][et_pb_text _builder_version=&#8221;4.19.2&#8243; _module_preset=&#8221;281fac8b-b71e-4e04-b8f0-ac26bc2a92f9&#8243; link_text_color=&#8221;gcid-4e1a4293-6847-4a8b-8670-1037625c3a21&#8243; text_orientation=&#8221;center&#8221; link_option_url=&#8221;#&#8221; global_colors_info=&#8221;{%22gcid-4e1a4293-6847-4a8b-8670-1037625c3a21%22:%91%22link_text_color%22%93}&#8221;]<\/p>\n<p>Nuestros Componentes:<\/p>\n<p>[\/et_pb_text][\/et_pb_column][\/et_pb_row][\/et_pb_section][et_pb_section fb_built=&#8221;1&#8243; admin_label=&#8221;Top Categories&#8221; _builder_version=&#8221;4.21.0&#8243; _module_preset=&#8221;default&#8221; overflow-x=&#8221;hidden&#8221; overflow-y=&#8221;hidden&#8221; collapsed=&#8221;on&#8221; global_colors_info=&#8221;{}&#8221;][et_pb_row column_structure=&#8221;1_4,1_4,1_4,1_4&#8243; module_id=&#8221;menu&#8221; _builder_version=&#8221;4.19.2&#8243; _module_preset=&#8221;default&#8221; global_colors_info=&#8221;{}&#8221;][et_pb_column type=&#8221;1_4&#8243; _builder_version=&#8221;4.19.2&#8243; _module_preset=&#8221;default&#8221; background_image=&#8221;https:\/\/bienestar.campeche.gob.mx\/wp-content\/uploads\/Utiles.png&#8221; background_size=&#8221;custom&#8221; background_image_height=&#8221;55%&#8221; background_position=&#8221;top_center&#8221; background_vertical_offset=&#8221;4%&#8221; overflow-x=&#8221;visible&#8221; overflow-y=&#8221;visible&#8221; custom_padding=&#8221;170px|18px|33px|20px|false|false&#8221; animation_style=&#8221;slide&#8221; border_radii=&#8221;on|10px|10px|10px|10px&#8221; global_colors_info=&#8221;{}&#8221;][et_pb_image src=&#8221;https:\/\/bienestar.campeche.gob.mx\/wp-content\/uploads\/masinfo.png&#8221; title_text=&#8221;masinfo&#8221; url=&#8221;#utiles&#8221; _builder_version=&#8221;4.19.2&#8243; _module_preset=&#8221;default&#8221; global_colors_info=&#8221;{}&#8221;][\/et_pb_image][\/et_pb_column][et_pb_column type=&#8221;1_4&#8243; _builder_version=&#8221;4.19.2&#8243; _module_preset=&#8221;default&#8221; background_image=&#8221;https:\/\/bienestar.campeche.gob.mx\/wp-content\/uploads\/uniforme.png&#8221; background_size=&#8221;custom&#8221; background_image_width=&#8221;0%&#8221; background_image_height=&#8221;53%&#8221; background_position=&#8221;top_center&#8221; background_vertical_offset=&#8221;4%&#8221; overflow-x=&#8221;visible&#8221; overflow-y=&#8221;visible&#8221; custom_padding=&#8221;170px|18px|33px|20px|false|false&#8221; animation_style=&#8221;bounce&#8221; border_radii=&#8221;on|30px|30px|30px|30px&#8221; global_colors_info=&#8221;{}&#8221;][et_pb_image src=&#8221;https:\/\/bienestar.campeche.gob.mx\/wp-content\/uploads\/masinfo.png&#8221; title_text=&#8221;masinfo&#8221; url=&#8221;#uniforme&#8221; _builder_version=&#8221;4.19.2&#8243; _module_preset=&#8221;default&#8221; global_colors_info=&#8221;{}&#8221;][\/et_pb_image][\/et_pb_column][et_pb_column type=&#8221;1_4&#8243; _builder_version=&#8221;4.19.2&#8243; _module_preset=&#8221;default&#8221; background_image=&#8221;https:\/\/bienestar.campeche.gob.mx\/wp-content\/uploads\/sobrinos.png&#8221; background_size=&#8221;custom&#8221; background_image_height=&#8221;51%&#8221; background_position=&#8221;top_center&#8221; background_vertical_offset=&#8221;10%&#8221; overflow-x=&#8221;visible&#8221; overflow-y=&#8221;visible&#8221; custom_padding=&#8221;170px|18px|33px|20px|false|false&#8221; border_radii=&#8221;on|30px|30px|30px|30px&#8221; global_colors_info=&#8221;{}&#8221;][et_pb_image src=&#8221;https:\/\/bienestar.campeche.gob.mx\/wp-content\/uploads\/masinfo.png&#8221; title_text=&#8221;masinfo&#8221; url=&#8221;#sobrinos&#8221; _builder_version=&#8221;4.19.2&#8243; _module_preset=&#8221;default&#8221; global_colors_info=&#8221;{}&#8221;][\/et_pb_image][\/et_pb_column][et_pb_column type=&#8221;1_4&#8243; _builder_version=&#8221;4.19.2&#8243; _module_preset=&#8221;default&#8221; background_image=&#8221;https:\/\/bienestar.campeche.gob.mx\/wp-content\/uploads\/bienestar.png&#8221; background_size=&#8221;custom&#8221; background_image_width=&#8221;0%&#8221; background_image_height=&#8221;50%&#8221; background_position=&#8221;top_center&#8221; background_vertical_offset=&#8221;8%&#8221; overflow-x=&#8221;visible&#8221; overflow-y=&#8221;visible&#8221; custom_padding=&#8221;170px|18px|33px|20px|false|false&#8221; border_radii=&#8221;on|30px|30px|30px|30px&#8221; global_colors_info=&#8221;{}&#8221;][et_pb_image src=&#8221;https:\/\/bienestar.campeche.gob.mx\/wp-content\/uploads\/masinfo.png&#8221; title_text=&#8221;masinfo&#8221; url=&#8221;#digital&#8221; _builder_version=&#8221;4.19.2&#8243; _module_preset=&#8221;default&#8221; global_colors_info=&#8221;{}&#8221;][\/et_pb_image][\/et_pb_column][\/et_pb_row][\/et_pb_section][et_pb_section fb_built=&#8221;1&#8243; admin_label=&#8221;Call to Action&#8221; _builder_version=&#8221;4.21.0&#8243; _module_preset=&#8221;default&#8221; min_height=&#8221;731px&#8221; collapsed=&#8221;on&#8221; global_colors_info=&#8221;{}&#8221;][et_pb_row _builder_version=&#8221;4.19.2&#8243; _module_preset=&#8221;default&#8221; use_background_color_gradient=&#8221;on&#8221; background_color_gradient_stops=&#8221;rgba(159,34,65,0.7) 0%|rgba(188,169,134,0.34) 100%&#8221; background_color_gradient_overlays_image=&#8221;on&#8221; background_image=&#8221;https:\/\/bienestar.campeche.gob.mx\/wp-content\/uploads\/A91clbwri_qdn67g_byg.png&#8221; width=&#8221;82%&#8221; max_width=&#8221;1420px&#8221; module_alignment=&#8221;center&#8221; min_height=&#8221;564px&#8221; height=&#8221;1000px&#8221; max_height=&#8221;401px&#8221; custom_margin=&#8221;|auto||225px||&#8221; custom_padding=&#8221;5vw|7vw|5vw|7vw|true|true&#8221; border_radii=&#8221;on|3vw|3vw|3vw|3vw&#8221; global_colors_info=&#8221;{}&#8221; custom_margin__hover_enabled=&#8221;off|desktop&#8221;][et_pb_column type=&#8221;4_4&#8243; _builder_version=&#8221;4.19.2&#8243; _module_preset=&#8221;default&#8221; custom_padding=&#8221;0px||||false|false&#8221; global_colors_info=&#8221;{}&#8221;][et_pb_text _builder_version=&#8221;4.19.2&#8243; _module_preset=&#8221;50c2bd06-556b-4a9b-ab98-957fa8f99311&#8243; header_2_text_color=&#8221;#FFFFFF&#8221; header_2_font_size=&#8221;100px&#8221; text_orientation=&#8221;center&#8221; global_colors_info=&#8221;{}&#8221;]<\/p>\n<h2>Creando un<\/h2>\n<h2>&#8220;Gobierno de Todos&#8221;,<\/h2>\n<h2>mas justo y activo.<\/h2>\n<p>[\/et_pb_text][\/et_pb_column][\/et_pb_row][\/et_pb_section][et_pb_section fb_built=&#8221;1&#8243; admin_label=&#8221;Feature&#8221; _builder_version=&#8221;4.21.0&#8243; _module_preset=&#8221;default&#8221; min_height=&#8221;747.7px&#8221; custom_margin=&#8221;||22px|||&#8221; custom_padding=&#8221;||0px|||&#8221; collapsed=&#8221;on&#8221; global_colors_info=&#8221;{}&#8221;][et_pb_row column_structure=&#8221;2_5,3_5&#8243; admin_label=&#8221;Uniforme&#8221; module_id=&#8221;uniforme&#8221; _builder_version=&#8221;4.19.2&#8243; _module_preset=&#8221;default&#8221; max_width=&#8221;1280px&#8221; locked=&#8221;off&#8221; global_colors_info=&#8221;{}&#8221;][et_pb_column type=&#8221;2_5&#8243; admin_label=&#8221;UnifJaguObjet&#8221; _builder_version=&#8221;4.19.2&#8243; _module_preset=&#8221;default&#8221; z_index=&#8221;10&#8243; global_colors_info=&#8221;{}&#8221;][et_pb_text module_id=&#8221;uniforme&#8221; _builder_version=&#8221;4.19.2&#8243; _module_preset=&#8221;9ccf5648-da90-4f5c-84be-7e801f3eabb4&#8243; global_colors_info=&#8221;{}&#8221;]<\/p>\n<p><b>OBJETIVO GENERAL: <\/b>Contribuir a la reducci\u00f3n del gasto econ\u00f3mico de las familias, de las y los estudiantes de educaci\u00f3n primaria en los Planteles Educativos P\u00fablicos Generales o Ind\u00edgenas.<\/p>\n<p><b>MODALIDAD: <\/b>uniformes deportivos a j\u00f3venes de educaci\u00f3n b\u00e1sica de instituciones p\u00fablicas en todo el Estado.<\/p>\n<p>.<\/p>\n<p>[\/et_pb_text][et_pb_image src=&#8221;https:\/\/bienestar.campeche.gob.mx\/wp-content\/uploads\/arriba.png&#8221; title_text=&#8221;arriba&#8221; url=&#8221;#menu&#8221; module_id=&#8221;uniforme&#8221; _builder_version=&#8221;4.19.2&#8243; _module_preset=&#8221;default&#8221; global_colors_info=&#8221;{}&#8221;][\/et_pb_image][\/et_pb_column][et_pb_column type=&#8221;3_5&#8243; _builder_version=&#8221;4.21.0&#8243; _module_preset=&#8221;default&#8221; background_enable_image=&#8221;off&#8221; global_colors_info=&#8221;{}&#8221;][et_pb_image src=&#8221;https:\/\/bienestar.campeche.gob.mx\/wp-content\/uploads\/uniforme.png&#8221; title_text=&#8221;uniforme&#8221; _builder_version=&#8221;4.19.2&#8243; _module_preset=&#8221;default&#8221; background_image=&#8221;https:\/\/desarrollobienestar.campeche.gob.mx\/wp-content\/uploads\/uniforme.png&#8221; background_size=&#8221;custom&#8221; background_image_height=&#8221;100%&#8221; width=&#8221;68%&#8221; min_height=&#8221;378px&#8221; height=&#8221;418px&#8221; custom_margin=&#8221;||0px||false|false&#8221; global_colors_info=&#8221;{}&#8221;][\/et_pb_image][et_pb_icon font_icon=&#8221;&#xf069;||fa||900&#8243; icon_color=&#8221;gcid-52e8b489-b10c-41af-b3c4-a69642f2df1f&#8221; icon_width=&#8221;32px&#8221; _builder_version=&#8221;4.21.0&#8243; _module_preset=&#8221;default&#8221; positioning=&#8221;absolute&#8221; vertical_offset=&#8221;20%&#8221; horizontal_offset=&#8221;8%&#8221; z_index=&#8221;9&#8243; global_colors_info=&#8221;{%22gcid-52e8b489-b10c-41af-b3c4-a69642f2df1f%22:%91%22icon_color%22%93}&#8221;][\/et_pb_icon][et_pb_icon font_icon=&#8221;&#xf666;||fa||900&#8243; icon_color=&#8221;#000000&#8243; _builder_version=&#8221;4.21.0&#8243; _module_preset=&#8221;default&#8221; positioning=&#8221;absolute&#8221; position_origin_a=&#8221;bottom_right&#8221; global_colors_info=&#8221;{}&#8221;][\/et_pb_icon][\/et_pb_column][\/et_pb_row][\/et_pb_section][et_pb_section fb_built=&#8221;1&#8243; admin_label=&#8221;Product &#8211; New Arrivals&#8221; _builder_version=&#8221;4.21.0&#8243; _module_preset=&#8221;default&#8221; saved_tabs=&#8221;all&#8221; collapsed=&#8221;on&#8221; global_colors_info=&#8221;{}&#8221;][et_pb_row column_structure=&#8221;1_2,1_2&#8243; _builder_version=&#8221;4.21.0&#8243; _module_preset=&#8221;default&#8221; global_colors_info=&#8221;{}&#8221;][et_pb_column type=&#8221;1_2&#8243; _builder_version=&#8221;4.21.0&#8243; _module_preset=&#8221;default&#8221; global_colors_info=&#8221;{}&#8221;][et_pb_image src=&#8221;https:\/\/bienestar.campeche.gob.mx\/wp-content\/uploads\/Utiles.png&#8221; title_text=&#8221;Utiles&#8221; align=&#8221;center&#8221; _builder_version=&#8221;4.19.2&#8243; _module_preset=&#8221;default&#8221; border_radii=&#8221;on|3vw|3vw|3vw|3vw&#8221; locked=&#8221;off&#8221; global_colors_info=&#8221;{}&#8221;][\/et_pb_image][\/et_pb_column][et_pb_column type=&#8221;1_2&#8243; _builder_version=&#8221;4.21.0&#8243; _module_preset=&#8221;default&#8221; global_colors_info=&#8221;{}&#8221;][et_pb_text _builder_version=&#8221;4.19.2&#8243; _module_preset=&#8221;default&#8221; custom_padding=&#8221;||0px|||&#8221; global_colors_info=&#8221;{}&#8221;][\/et_pb_text][et_pb_text admin_label=&#8221;utiles&#8221; module_id=&#8221;utiles&#8221; _builder_version=&#8221;4.19.2&#8243; _module_preset=&#8221;default&#8221; global_colors_info=&#8221;{}&#8221;]<\/p>\n<p><b>OBJETIVO GENERAL: <\/b>Contribuir a la reducci\u00f3n del gasto econ\u00f3mico de las familias, de las y los estudiantes de educaci\u00f3n primaria en los Planteles Educativos P\u00fablicos Generales o Ind\u00edgenas.<\/p>\n<p><b>MODALIDAD: <\/b>\u00datiles Escolares a j\u00f3venes de educaci\u00f3n b\u00e1sica de instituciones p\u00fablicas en todo el Estado.<\/p>\n<p>[\/et_pb_text][et_pb_image src=&#8221;https:\/\/bienestar.campeche.gob.mx\/wp-content\/uploads\/arriba.png&#8221; title_text=&#8221;arriba&#8221; url=&#8221;#menu&#8221; module_id=&#8221;utiles&#8221; _builder_version=&#8221;4.19.2&#8243; _module_preset=&#8221;default&#8221; global_colors_info=&#8221;{}&#8221;][\/et_pb_image][\/et_pb_column][\/et_pb_row][\/et_pb_section][et_pb_section fb_built=&#8221;1&#8243; _builder_version=&#8221;4.19.2&#8243; _module_preset=&#8221;default&#8221; global_colors_info=&#8221;{}&#8221;][et_pb_row column_structure=&#8221;1_2,1_2&#8243; _builder_version=&#8221;4.19.2&#8243; _module_preset=&#8221;default&#8221; global_colors_info=&#8221;{}&#8221;][et_pb_column type=&#8221;1_2&#8243; _builder_version=&#8221;4.19.2&#8243; _module_preset=&#8221;default&#8221; global_colors_info=&#8221;{}&#8221;][et_pb_text admin_label=&#8221;digital&#8221; module_id=&#8221;digital&#8221; _builder_version=&#8221;4.19.2&#8243; _module_preset=&#8221;default&#8221; global_colors_info=&#8221;{}&#8221;]<\/p>\n<p><b>OBJETIVO GENERAL: <\/b>Contribuir a la permanencia y continuidad en la formaci\u00f3n acad\u00e9mica de estudiantes en <b>educaci\u00f3n media superior y superior<\/b>, a trav\u00e9s de la entrega de un equipo de TIC como herramienta para el desarrollo de habilidades y competencias<\/p>\n<p><b>MODALIDAD: <\/b>Entrega de equipos de c\u00f3mputo<\/p>\n<p>[\/et_pb_text][et_pb_image src=&#8221;https:\/\/bienestar.campeche.gob.mx\/wp-content\/uploads\/arriba.png&#8221; title_text=&#8221;arriba&#8221; module_id=&#8221;digital&#8221; _builder_version=&#8221;4.19.2&#8243; _module_preset=&#8221;default&#8221; hover_enabled=&#8221;0&#8243; global_colors_info=&#8221;{}&#8221; url=&#8221;#menu&#8221; sticky_enabled=&#8221;0&#8243;][\/et_pb_image][\/et_pb_column][et_pb_column type=&#8221;1_2&#8243; _builder_version=&#8221;4.19.2&#8243; _module_preset=&#8221;default&#8221; global_colors_info=&#8221;{}&#8221;][et_pb_image src=&#8221;https:\/\/bienestar.campeche.gob.mx\/wp-content\/uploads\/bienestar.png&#8221; title_text=&#8221;bienestar&#8221; _builder_version=&#8221;4.19.2&#8243; _module_preset=&#8221;default&#8221; background_image=&#8221;https:\/\/desarrollobienestar.campeche.gob.mx\/wp-content\/uploads\/bienestar.png&#8221; background_enable_pattern_style=&#8221;on&#8221; background_pattern_color=&#8221;RGBA(255,255,255,0)&#8221; width=&#8221;73%&#8221; global_colors_info=&#8221;{}&#8221;][\/et_pb_image][\/et_pb_column][\/et_pb_row][\/et_pb_section][et_pb_section fb_built=&#8221;1&#8243; _builder_version=&#8221;4.19.2&#8243; _module_preset=&#8221;default&#8221; global_colors_info=&#8221;{}&#8221;][et_pb_row column_structure=&#8221;1_2,1_2&#8243; _builder_version=&#8221;4.19.2&#8243; _module_preset=&#8221;default&#8221; global_colors_info=&#8221;{}&#8221;][et_pb_column type=&#8221;1_2&#8243; _builder_version=&#8221;4.19.2&#8243; _module_preset=&#8221;default&#8221; global_colors_info=&#8221;{}&#8221;][et_pb_image src=&#8221;https:\/\/bienestar.campeche.gob.mx\/wp-content\/uploads\/sobrinos.png&#8221; title_text=&#8221;sobrinos&#8221; _builder_version=&#8221;4.19.2&#8243; _module_preset=&#8221;default&#8221; global_colors_info=&#8221;{}&#8221;][\/et_pb_image][\/et_pb_column][et_pb_column type=&#8221;1_2&#8243; _builder_version=&#8221;4.19.2&#8243; _module_preset=&#8221;default&#8221; global_colors_info=&#8221;{}&#8221;][et_pb_text admin_label=&#8221;sobrinos&#8221; module_id=&#8221;sobrinos&#8221; _builder_version=&#8221;4.19.2&#8243; _module_preset=&#8221;default&#8221; global_colors_info=&#8221;{}&#8221;]<\/p>\n<p><b>OBJETIVO GENERAL<\/b><b>: <\/b>Contribuir a la conclusi\u00f3n de las actividades y procesos educativos formales y no formales para el desarrollo personal de quienes se encuentren en situaci\u00f3n de vulnerabilidad y\/o habitantes de los pueblos y comunidades ind\u00edgenas tramitando su t\u00edtulo profesional, pasantes y\/o egresados o que hallan manifestados su inter\u00e9s de colaborar en el desarrollo de las actividades de los programas sociales de la Secretar\u00eda de Bienestar.<\/p>\n<p><strong>Modalidad:<\/strong> Contribuir econ\u00f3micamente para cubrir, de manera parcial, el gasto que genera el tr\u00e1mite para obtener el titulo profesional.<\/p>\n<p>[\/et_pb_text][et_pb_image src=&#8221;https:\/\/bienestar.campeche.gob.mx\/wp-content\/uploads\/arriba.png&#8221; title_text=&#8221;arriba&#8221; url=&#8221;#menu&#8221; _builder_version=&#8221;4.19.2&#8243; _module_preset=&#8221;default&#8221; global_colors_info=&#8221;{}&#8221;][\/et_pb_image][\/et_pb_column][\/et_pb_row][\/et_pb_section][et_pb_section fb_built=&#8221;1&#8243; _builder_version=&#8221;4.19.2&#8243; _module_preset=&#8221;default&#8221; background_image=&#8221;https:\/\/desarrollobienestar.campeche.gob.mx\/wp-content\/uploads\/secreformacion.jpg&#8221; background_size=&#8221;custom&#8221; background_image_height=&#8221;0%&#8221; background_position=&#8221;top_left&#8221; background_horizontal_offset=&#8221;60%&#8221; background_vertical_offset=&#8221;34%&#8221; global_colors_info=&#8221;{}&#8221;][et_pb_row _builder_version=&#8221;4.19.2&#8243; _module_preset=&#8221;default&#8221; global_colors_info=&#8221;{}&#8221;][et_pb_column type=&#8221;4_4&#8243; _builder_version=&#8221;4.19.2&#8243; _module_preset=&#8221;default&#8221; global_colors_info=&#8221;{}&#8221;][et_pb_image src=&#8221;https:\/\/bienestar.campeche.gob.mx\/wp-content\/uploads\/escudo_bn_campeche.png&#8221; title_text=&#8221;escudo_bn_campeche&#8221; align=&#8221;center&#8221; _builder_version=&#8221;4.19.2&#8243; _module_preset=&#8221;default&#8221; global_colors_info=&#8221;{}&#8221;][\/et_pb_image][\/et_pb_column][\/et_pb_row][\/et_pb_section]<\/p>\n","protected":false},"excerpt":{"rendered":"<p>&nbsp; &nbsp; &nbsp; &nbsp; &nbsp; &nbsp; &nbsp; &nbsp; &nbsp;OBJETIVO GENERAL Contribuir a reducir los gastos generados durante la formaci\u00f3n acad\u00e9mica y profesional, entregando apoyos econ\u00f3micos o en especie a la poblaci\u00f3n de diferentes niveles educativos, ni\u00f1as, ni\u00f1os y j\u00f3venes con alto desempe\u00f1o deportivo y\/o en educaci\u00f3n especial, de pasantes o egresados que preferentemente se encuentren [&hellip;]<\/p>\n","protected":false},"author":1,"featured_media":0,"parent":0,"menu_order":0,"comment_status":"closed","ping_status":"closed","template":"","meta":{"_acf_changed":false,"_et_pb_use_builder":"on","_et_pb_old_content":"","_et_gb_content_width":"","inline_featured_image":false,"footnotes":""},"acf":[],"_links":{"self":[{"href":"https:\/\/bienestar.campeche.gob.mx\/index.php?rest_route=\/wp\/v2\/pages\/1429"}],"collection":[{"href":"https:\/\/bienestar.campeche.gob.mx\/index.php?rest_route=\/wp\/v2\/pages"}],"about":[{"href":"https:\/\/bienestar.campeche.gob.mx\/index.php?rest_route=\/wp\/v2\/types\/page"}],"author":[{"embeddable":true,"href":"https:\/\/bienestar.campeche.gob.mx\/index.php?rest_route=\/wp\/v2\/users\/1"}],"replies":[{"embeddable":true,"href":"https:\/\/bienestar.campeche.gob.mx\/index.php?rest_route=%2Fwp%2Fv2%2Fcomments&post=1429"}],"version-history":[{"count":37,"href":"https:\/\/bienestar.campeche.gob.mx\/index.php?rest_route=\/wp\/v2\/pages\/1429\/revisions"}],"predecessor-version":[{"id":1682,"href":"https:\/\/bienestar.campeche.gob.mx\/index.php?rest_route=\/wp\/v2\/pages\/1429\/revisions\/1682"}],"wp:attachment":[{"href":"https:\/\/bienestar.campeche.gob.mx\/index.php?rest_route=%2Fwp%2Fv2%2Fmedia&parent=1429"}],"curies":[{"name":"wp","href":"https:\/\/api.w.org\/{rel}","templated":true}]}}